{"id":6496,"date":"2023-07-19T10:04:41","date_gmt":"2023-07-19T08:04:41","guid":{"rendered":"https:\/\/www.moz.life\/moztickets\/?post_type=speaker&#038;p=6496"},"modified":"2023-07-19T10:04:44","modified_gmt":"2023-07-19T08:04:44","slug":"maida-baptista","status":"publish","type":"speaker","link":"https:\/\/moz.life\/moztickets\/speaker\/maida-baptista\/","title":{"rendered":"Maida Baptista"},"content":{"rendered":"\n<p>Maida Baptista, Mestrada em Sociologia Organizacional, formada em corte e costura na arg\u00e9lia, fundadora da marca \u201cMademoiselle Maida\u201c<\/p>\n\n\n\n<p>styliste\u201d, @mademoiselle_maida_styliste esta foi fundada na Arg\u00e9lia a 2 anos. a paix\u00e3o pela moda surgiu na Arg\u00e9lia quando frequentava a faculdade gra\u00e7as a uma bolsa de estudos. decidiu criar uma marca naquele pa\u00eds do norte de \u00e1frica e lan\u00e7ou duas colec\u00e7\u00f5es intituladas: \u201cGlitter\u201d e outra \u201cOutono collection\u201d. estas colec\u00e7\u00f5es colocaram-na no mercado. a marca mademoiselle<\/p>\n\n\n\n<p>reflecte o glamour e a sutileza da beleza feminina.<\/p>\n\n    <div class=\"xs_social_share_widget xs_share_url after_content \t\tmain_content  wslu-style-1 wslu-share-box-shaped wslu-fill-colored wslu-none wslu-share-horizontal wslu-theme-font-no wslu-main_content\">\n\n\t\t\n        <ul>\n\t\t\t        <\/ul>\n    <\/div> \n","protected":false},"excerpt":{"rendered":"<p>Maida Baptista, Mestrada em Sociologia Organizacional, formada em corte e costura na arg\u00e9lia, fundadora da marca \u201cMademoiselle Maida\u201c<\/p>\n","protected":false},"author":13,"featured_media":6497,"comment_status":"open","ping_status":"closed","template":"","meta":{"footnotes":""},"speaker-category":[],"speaker-tags":[],"location":[146],"class_list":["post-6496","speaker","type-speaker","status-publish","has-post-thumbnail","hentry","location-mozambique"],"jetpack_sharing_enabled":true,"_links":{"self":[{"href":"https:\/\/moz.life\/moztickets\/wp-json\/wp\/v2\/speaker\/6496","targetHints":{"allow":["GET"]}}],"collection":[{"href":"https:\/\/moz.life\/moztickets\/wp-json\/wp\/v2\/speaker"}],"about":[{"href":"https:\/\/moz.life\/moztickets\/wp-json\/wp\/v2\/types\/speaker"}],"author":[{"embeddable":true,"href":"https:\/\/moz.life\/moztickets\/wp-json\/wp\/v2\/users\/13"}],"replies":[{"embeddable":true,"href":"https:\/\/moz.life\/moztickets\/wp-json\/wp\/v2\/comments?post=6496"}],"version-history":[{"count":0,"href":"https:\/\/moz.life\/moztickets\/wp-json\/wp\/v2\/speaker\/6496\/revisions"}],"wp:featuredmedia":[{"embeddable":true,"href":"https:\/\/moz.life\/moztickets\/wp-json\/wp\/v2\/media\/6497"}],"wp:attachment":[{"href":"https:\/\/moz.life\/moztickets\/wp-json\/wp\/v2\/media?parent=6496"}],"wp:term":[{"taxonomy":"speaker-category","embeddable":true,"href":"https:\/\/moz.life\/moztickets\/wp-json\/wp\/v2\/speaker-category?post=6496"},{"taxonomy":"speaker-tags","embeddable":true,"href":"https:\/\/moz.life\/moztickets\/wp-json\/wp\/v2\/speaker-tags?post=6496"},{"taxonomy":"location","embeddable":true,"href":"https:\/\/moz.life\/moztickets\/wp-json\/wp\/v2\/location?post=6496"}],"curies":[{"name":"wp","href":"https:\/\/api.w.org\/{rel}","templated":true}]}}

<p>Maida Baptista, Mestrada em Sociologia Organizacional, formada em corte e costura na argélia, fundadora da marca “Mademoiselle Maida“</p>



<p>styliste”, @mademoiselle_maida_styliste esta foi fundada na Argélia a 2 anos. a paixão pela moda surgiu na Argélia quando frequentava a faculdade graças a uma bolsa de estudos. decidiu criar uma marca naquele país do norte de áfrica e lançou duas colecções intituladas: “Glitter” e outra “Outono collection”. estas colecções colocaram-na no mercado. a marca mademoiselle</p>



<p>reflecte o glamour e a sutileza da beleza feminina.</p>

    <div class="xs_social_share_widget xs_share_url after_content 		main_content  wslu-style-1 wslu-share-box-shaped wslu-fill-colored wslu-none wslu-share-horizontal wslu-theme-font-no wslu-main_content">

		
        <ul>
			        </ul>
    </div>

<p>Maida Baptista, Mestrada em Sociologia Organizacional, formada em corte e costura na argélia, fundadora da marca “Mademoiselle Maida“</p>
