{"id":6493,"date":"2023-07-19T09:58:21","date_gmt":"2023-07-19T07:58:21","guid":{"rendered":"https:\/\/www.moz.life\/moztickets\/?post_type=speaker&#038;p=6493"},"modified":"2023-07-19T09:58:24","modified_gmt":"2023-07-19T07:58:24","slug":"jessica-de-laura-bene","status":"publish","type":"speaker","link":"https:\/\/moz.life\/moztickets\/speaker\/jessica-de-laura-bene\/","title":{"rendered":"J\u00e9ssica de Laura Bene"},"content":{"rendered":"\n<p>J\u00e9ssica de Laura Bene, nascida na prov\u00edncia de Sofala, cidade da Beira, atualmente a residir na Cidade de Tete devido ao trabalho , 29 anos de idade, m\u00e9dica dentista e estilista\/artes\u00e3 , come\u00e7ou a costurar em 2014 como hobby, Pk antes s\u00f3 fazia artes manuais, o gosto pela moda come\u00e7ou a ganhar mais for\u00e7a e at\u00e9 hoje costuro, n\u00e3o fiz nenhum curso por\u00e9m pretendo, dizem \u00e9 realmente voca\u00e7\u00e3o, muito curiosa por\u00e9m tem meus limites, mas ama aprender mais e mais, faz todo tipo de roupa mas \u00e9 mais apaixonada pela roupa femenina sem padr\u00f5es, aquilo que lhe desafio ela amo, para o Fancy 2023, espero aprendera e conhecer outras partes da moda que ela desconhece, e ganhar experi\u00eancia dos outros participantes, e tem a certeza que ser\u00e1 um sucesso.<\/p>\n\n    <div class=\"xs_social_share_widget xs_share_url after_content \t\tmain_content  wslu-style-1 wslu-share-box-shaped wslu-fill-colored wslu-none wslu-share-horizontal wslu-theme-font-no wslu-main_content\">\n\n\t\t\n        <ul>\n\t\t\t        <\/ul>\n    <\/div> \n","protected":false},"excerpt":{"rendered":"<p>J\u00e9ssica de Laura Bene, nascida na prov\u00edncia de Sofala, cidade da Beira, atualmente a residir na Cidade de Tete devido ao trabalho<\/p>\n","protected":false},"author":13,"featured_media":6494,"comment_status":"open","ping_status":"closed","template":"","meta":{"footnotes":""},"speaker-category":[],"speaker-tags":[],"location":[146],"class_list":["post-6493","speaker","type-speaker","status-publish","has-post-thumbnail","hentry","location-mozambique"],"jetpack_sharing_enabled":true,"_links":{"self":[{"href":"https:\/\/moz.life\/moztickets\/wp-json\/wp\/v2\/speaker\/6493","targetHints":{"allow":["GET"]}}],"collection":[{"href":"https:\/\/moz.life\/moztickets\/wp-json\/wp\/v2\/speaker"}],"about":[{"href":"https:\/\/moz.life\/moztickets\/wp-json\/wp\/v2\/types\/speaker"}],"author":[{"embeddable":true,"href":"https:\/\/moz.life\/moztickets\/wp-json\/wp\/v2\/users\/13"}],"replies":[{"embeddable":true,"href":"https:\/\/moz.life\/moztickets\/wp-json\/wp\/v2\/comments?post=6493"}],"version-history":[{"count":0,"href":"https:\/\/moz.life\/moztickets\/wp-json\/wp\/v2\/speaker\/6493\/revisions"}],"wp:featuredmedia":[{"embeddable":true,"href":"https:\/\/moz.life\/moztickets\/wp-json\/wp\/v2\/media\/6494"}],"wp:attachment":[{"href":"https:\/\/moz.life\/moztickets\/wp-json\/wp\/v2\/media?parent=6493"}],"wp:term":[{"taxonomy":"speaker-category","embeddable":true,"href":"https:\/\/moz.life\/moztickets\/wp-json\/wp\/v2\/speaker-category?post=6493"},{"taxonomy":"speaker-tags","embeddable":true,"href":"https:\/\/moz.life\/moztickets\/wp-json\/wp\/v2\/speaker-tags?post=6493"},{"taxonomy":"location","embeddable":true,"href":"https:\/\/moz.life\/moztickets\/wp-json\/wp\/v2\/location?post=6493"}],"curies":[{"name":"wp","href":"https:\/\/api.w.org\/{rel}","templated":true}]}}

Jéssica de Laura Bene

<p>Jéssica de Laura Bene, nascida na província de Sofala, cidade da Beira, atualmente a residir na Cidade de Tete devido ao trabalho , 29 anos de idade, médica dentista e estilista/artesã , começou a costurar em 2014 como hobby, Pk antes só fazia artes manuais, o gosto pela moda começou a ganhar mais força e até hoje costuro, não fiz nenhum curso porém pretendo, dizem é realmente vocação, muito curiosa porém tem meus limites, mas ama aprender mais e mais, faz todo tipo de roupa mas é mais apaixonada pela roupa femenina sem padrões, aquilo que lhe desafio ela amo, para o Fancy 2023, espero aprendera e conhecer outras partes da moda que ela desconhece, e ganhar experiência dos outros participantes, e tem a certeza que será um sucesso.</p>

    <div class="xs_social_share_widget xs_share_url after_content 		main_content  wslu-style-1 wslu-share-box-shaped wslu-fill-colored wslu-none wslu-share-horizontal wslu-theme-font-no wslu-main_content">

		
        <ul>
			        </ul>
    </div>

<p>Jéssica de Laura Bene, nascida na província de Sofala, cidade da Beira, atualmente a residir na Cidade de Tete devido ao trabalho</p>
