{"id":6473,"date":"2023-07-18T17:23:00","date_gmt":"2023-07-18T15:23:00","guid":{"rendered":"https:\/\/www.moz.life\/moztickets\/?post_type=speaker&#038;p=6473"},"modified":"2023-07-19T10:25:49","modified_gmt":"2023-07-19T08:25:49","slug":"luisa-sanda","status":"publish","type":"speaker","link":"https:\/\/moz.life\/moztickets\/speaker\/luisa-sanda\/","title":{"rendered":"Lu\u00edsa Sanda"},"content":{"rendered":"\n<p>Lu\u00edsa Sanda, 31 anos, fazedora de moda h\u00e1 4 anos. Durante este per\u00edodo, a marca L\u00da SANDA COUTURE lan\u00e7ou 8 colec\u00e7\u00f5es, sendo duas em cada ano. No ano de 2020, a marca participou no evento de moda AO International Trade Show, com exposi\u00e7\u00e3o de modelos pr\u00f3prios e recentemente, a marca realizou o 1\u00ba Desfile de moda que contou com a observa\u00e7\u00e3o de Olheiros vindos de&nbsp;Paris&nbsp;e&nbsp;Mil\u00e3o.<\/p>\n\n    <div class=\"xs_social_share_widget xs_share_url after_content \t\tmain_content  wslu-style-1 wslu-share-box-shaped wslu-fill-colored wslu-none wslu-share-horizontal wslu-theme-font-no wslu-main_content\">\n\n\t\t\n        <ul>\n\t\t\t        <\/ul>\n    <\/div> \n","protected":false},"excerpt":{"rendered":"<p>Lu\u00edsa Sanda, 31 anos, fazedora de moda h\u00e1 4 anos. Durante este per\u00edodo, a marca L\u00da SANDA COUTURE lan\u00e7ou 8 colec\u00e7\u00f5es, sendo duas em cada ano. <\/p>\n","protected":false},"author":13,"featured_media":6505,"comment_status":"open","ping_status":"closed","template":"","meta":{"footnotes":""},"speaker-category":[],"speaker-tags":[],"location":[146],"class_list":["post-6473","speaker","type-speaker","status-publish","has-post-thumbnail","hentry","location-mozambique"],"jetpack_sharing_enabled":true,"_links":{"self":[{"href":"https:\/\/moz.life\/moztickets\/wp-json\/wp\/v2\/speaker\/6473","targetHints":{"allow":["GET"]}}],"collection":[{"href":"https:\/\/moz.life\/moztickets\/wp-json\/wp\/v2\/speaker"}],"about":[{"href":"https:\/\/moz.life\/moztickets\/wp-json\/wp\/v2\/types\/speaker"}],"author":[{"embeddable":true,"href":"https:\/\/moz.life\/moztickets\/wp-json\/wp\/v2\/users\/13"}],"replies":[{"embeddable":true,"href":"https:\/\/moz.life\/moztickets\/wp-json\/wp\/v2\/comments?post=6473"}],"version-history":[{"count":0,"href":"https:\/\/moz.life\/moztickets\/wp-json\/wp\/v2\/speaker\/6473\/revisions"}],"wp:featuredmedia":[{"embeddable":true,"href":"https:\/\/moz.life\/moztickets\/wp-json\/wp\/v2\/media\/6505"}],"wp:attachment":[{"href":"https:\/\/moz.life\/moztickets\/wp-json\/wp\/v2\/media?parent=6473"}],"wp:term":[{"taxonomy":"speaker-category","embeddable":true,"href":"https:\/\/moz.life\/moztickets\/wp-json\/wp\/v2\/speaker-category?post=6473"},{"taxonomy":"speaker-tags","embeddable":true,"href":"https:\/\/moz.life\/moztickets\/wp-json\/wp\/v2\/speaker-tags?post=6473"},{"taxonomy":"location","embeddable":true,"href":"https:\/\/moz.life\/moztickets\/wp-json\/wp\/v2\/location?post=6473"}],"curies":[{"name":"wp","href":"https:\/\/api.w.org\/{rel}","templated":true}]}}

Luísa Sanda

<p>Luísa Sanda, 31 anos, fazedora de moda há 4 anos. Durante este período, a marca LÚ SANDA COUTURE lançou 8 colecções, sendo duas em cada ano. No ano de 2020, a marca participou no evento de moda AO International Trade Show, com exposição de modelos próprios e recentemente, a marca realizou o 1º Desfile de moda que contou com a observação de Olheiros vindos de&nbsp;Paris&nbsp;e&nbsp;Milão.</p>

    <div class="xs_social_share_widget xs_share_url after_content 		main_content  wslu-style-1 wslu-share-box-shaped wslu-fill-colored wslu-none wslu-share-horizontal wslu-theme-font-no wslu-main_content">

		
        <ul>
			        </ul>
    </div>

<p>Luísa Sanda, 31 anos, fazedora de moda há 4 anos. Durante este período, a marca LÚ SANDA COUTURE lançou 8 colecções, sendo duas em cada ano. </p>
