{"id":4425,"date":"2023-02-27T16:39:27","date_gmt":"2023-02-27T14:39:27","guid":{"rendered":"https:\/\/www.moz.life\/moztickets\/?post_type=speaker&#038;p=4425"},"modified":"2023-02-27T16:46:29","modified_gmt":"2023-02-27T14:46:29","slug":"wanda-baloyi","status":"publish","type":"speaker","link":"https:\/\/moz.life\/moztickets\/speaker\/wanda-baloyi\/","title":{"rendered":"Wanda Baloyi"},"content":{"rendered":"\n<p>Wanda Baloyi (nascida a 6 de Maio de 1980 em Joanesburgo) \u00e9 uma cantora sul-africana e mo\u00e7ambicana. A cantora Afro-soul e R&amp;B recebeu os pr\u00e9mios KORA e SAMA. Ultimamente, ela decidiu experimentar ser DJ. Ela come\u00e7ou a fazer m\u00fasica nos seus dias de liceu.<\/p>\n\n\n\n<p>Era membro do grupo de raparigas Ghetto Luv e era a cantora principal.<\/p>\n\n\n\n<p>Tamb\u00e9m actuou com grandes nomes em palco, tanto na cena local como internacional.<\/p>\n\n\n\n<p>Sentiu-se honrada por partilhar o palco com Oleta. De acordo com ela, Oleta \u00e9 uma das vozes que ouviu enquanto crescia.<\/p>\n\n    <div class=\"xs_social_share_widget xs_share_url after_content \t\tmain_content  wslu-style-1 wslu-share-box-shaped wslu-fill-colored wslu-none wslu-share-horizontal wslu-theme-font-no wslu-main_content\">\n\n\t\t\n        <ul>\n\t\t\t        <\/ul>\n    <\/div> \n","protected":false},"excerpt":{"rendered":"<p>Wanda Baloyi (nascida a 6 de Maio de 1980 em Joanesburgo) \u00e9 uma cantora sul-africana e mo\u00e7ambicana. <\/p>\n","protected":false},"author":13,"featured_media":4426,"comment_status":"open","ping_status":"closed","template":"","meta":{"footnotes":""},"speaker-category":[],"speaker-tags":[],"location":[146,97],"class_list":["post-4425","speaker","type-speaker","status-publish","has-post-thumbnail","hentry","location-mozambique","location-south-africa"],"jetpack_sharing_enabled":true,"_links":{"self":[{"href":"https:\/\/moz.life\/moztickets\/wp-json\/wp\/v2\/speaker\/4425","targetHints":{"allow":["GET"]}}],"collection":[{"href":"https:\/\/moz.life\/moztickets\/wp-json\/wp\/v2\/speaker"}],"about":[{"href":"https:\/\/moz.life\/moztickets\/wp-json\/wp\/v2\/types\/speaker"}],"author":[{"embeddable":true,"href":"https:\/\/moz.life\/moztickets\/wp-json\/wp\/v2\/users\/13"}],"replies":[{"embeddable":true,"href":"https:\/\/moz.life\/moztickets\/wp-json\/wp\/v2\/comments?post=4425"}],"version-history":[{"count":0,"href":"https:\/\/moz.life\/moztickets\/wp-json\/wp\/v2\/speaker\/4425\/revisions"}],"wp:featuredmedia":[{"embeddable":true,"href":"https:\/\/moz.life\/moztickets\/wp-json\/wp\/v2\/media\/4426"}],"wp:attachment":[{"href":"https:\/\/moz.life\/moztickets\/wp-json\/wp\/v2\/media?parent=4425"}],"wp:term":[{"taxonomy":"speaker-category","embeddable":true,"href":"https:\/\/moz.life\/moztickets\/wp-json\/wp\/v2\/speaker-category?post=4425"},{"taxonomy":"speaker-tags","embeddable":true,"href":"https:\/\/moz.life\/moztickets\/wp-json\/wp\/v2\/speaker-tags?post=4425"},{"taxonomy":"location","embeddable":true,"href":"https:\/\/moz.life\/moztickets\/wp-json\/wp\/v2\/location?post=4425"}],"curies":[{"name":"wp","href":"https:\/\/api.w.org\/{rel}","templated":true}]}}

<p>Wanda Baloyi (nascida a 6 de Maio de 1980 em Joanesburgo) é uma cantora sul-africana e moçambicana. A cantora Afro-soul e R&amp;B recebeu os prémios KORA e SAMA. Ultimamente, ela decidiu experimentar ser DJ. Ela começou a fazer música nos seus dias de liceu.</p>



<p>Era membro do grupo de raparigas Ghetto Luv e era a cantora principal.</p>



<p>Também actuou com grandes nomes em palco, tanto na cena local como internacional.</p>



<p>Sentiu-se honrada por partilhar o palco com Oleta. De acordo com ela, Oleta é uma das vozes que ouviu enquanto crescia.</p>

    <div class="xs_social_share_widget xs_share_url after_content 		main_content  wslu-style-1 wslu-share-box-shaped wslu-fill-colored wslu-none wslu-share-horizontal wslu-theme-font-no wslu-main_content">

		
        <ul>
			        </ul>
    </div>

<p>Wanda Baloyi (nascida a 6 de Maio de 1980 em Joanesburgo) é uma cantora sul-africana e moçambicana. </p>
