{"id":2997,"date":"2020-03-22T17:10:31","date_gmt":"2020-03-22T15:10:31","guid":{"rendered":"https:\/\/www.moz.life\/moztickets\/?post_type=speaker&#038;p=2997"},"modified":"2020-03-22T17:16:58","modified_gmt":"2020-03-22T15:16:58","slug":"astrid-bailo","status":"publish","type":"speaker","link":"https:\/\/moz.life\/moztickets\/speaker\/astrid-bailo\/","title":{"rendered":"Astrid Bailo"},"content":{"rendered":"\n<p class=\"has-drop-cap\">Astrid Bailo de Saint-Etienne em Fran\u00e7a. Apesar de ter morado em Londres e nos Estados Unidos, sempre volta \u00e0 sua cidade natal. \u00c9 Mestrada em Comunica\u00e7\u00e3o, Comunica\u00e7\u00e3o Digital e em Civiliza\u00e7\u00e3o Afro-Americana. Criou a 17A7, uma ag\u00eancia especializada em estrat\u00e9gia de comunica\u00e7\u00e3o com especializa\u00e7\u00e3o no campo art\u00edstico. <br>\n\u00c9 especialista em gest\u00e3o de Projectos, Assessoria de Imprensa, Gest\u00e3o de equipes, assessoria de Imprensa e gest\u00e3o comunit\u00e1ria.<br>\nBoard Member do Jazz(s)Ra \u2013F\u00f3rum Jazz, Auvergne-Rh\u00f4ne-Alpes<br>\nEfectuou Miss\u00f5es humanit\u00e1rias no Senegal e Brasil, Organiza workshops de oficinas de jazz e de dan\u00e7a.<br>\nFoi Presidente da companhia de dan\u00e7a Metamorphoz at\u00e9 2015 (hip-hop, breakdance, contempor\u00e2neo) com turn\u00eas na China e EUA<br>\nImersa no mundo da m\u00fasica e da dan\u00e7a desde tenra idade, Astrid Bailo, queria colocar a servi\u00e7o dos outros, suas habilidades transversais adquiridas durante suas experi\u00eancias. &#8220;Com 17A7, eu escolhi compartilhar, aconselhar, trabalhar, transmitir.<\/p>\n\n    <div class=\"xs_social_share_widget xs_share_url after_content \t\tmain_content  wslu-style-1 wslu-share-box-shaped wslu-fill-colored wslu-none wslu-share-horizontal wslu-theme-font-no wslu-main_content\">\n\n\t\t\n        <ul>\n\t\t\t        <\/ul>\n    <\/div> \n","protected":false},"excerpt":{"rendered":"<p>Board Member do Jazz(s)Ra \u2013F\u00f3rum Jazz, Auvergne-Rh\u00f4ne-Alpes<br \/>\n Efectuou Miss\u00f5es humanit\u00e1rias no Senegal e Brasil, Organiza workshops de oficinas de jazz e de dan\u00e7a.<\/p>\n","protected":false},"author":13,"featured_media":0,"comment_status":"open","ping_status":"closed","template":"","meta":{"footnotes":""},"speaker-category":[],"speaker-tags":[],"location":[],"class_list":["post-2997","speaker","type-speaker","status-publish","hentry"],"jetpack_sharing_enabled":true,"_links":{"self":[{"href":"https:\/\/moz.life\/moztickets\/wp-json\/wp\/v2\/speaker\/2997","targetHints":{"allow":["GET"]}}],"collection":[{"href":"https:\/\/moz.life\/moztickets\/wp-json\/wp\/v2\/speaker"}],"about":[{"href":"https:\/\/moz.life\/moztickets\/wp-json\/wp\/v2\/types\/speaker"}],"author":[{"embeddable":true,"href":"https:\/\/moz.life\/moztickets\/wp-json\/wp\/v2\/users\/13"}],"replies":[{"embeddable":true,"href":"https:\/\/moz.life\/moztickets\/wp-json\/wp\/v2\/comments?post=2997"}],"version-history":[{"count":0,"href":"https:\/\/moz.life\/moztickets\/wp-json\/wp\/v2\/speaker\/2997\/revisions"}],"wp:attachment":[{"href":"https:\/\/moz.life\/moztickets\/wp-json\/wp\/v2\/media?parent=2997"}],"wp:term":[{"taxonomy":"speaker-category","embeddable":true,"href":"https:\/\/moz.life\/moztickets\/wp-json\/wp\/v2\/speaker-category?post=2997"},{"taxonomy":"speaker-tags","embeddable":true,"href":"https:\/\/moz.life\/moztickets\/wp-json\/wp\/v2\/speaker-tags?post=2997"},{"taxonomy":"location","embeddable":true,"href":"https:\/\/moz.life\/moztickets\/wp-json\/wp\/v2\/location?post=2997"}],"curies":[{"name":"wp","href":"https:\/\/api.w.org\/{rel}","templated":true}]}}

<p class="has-drop-cap">Astrid Bailo de Saint-Etienne em França. Apesar de ter morado em Londres e nos Estados Unidos, sempre volta à sua cidade natal. É Mestrada em Comunicação, Comunicação Digital e em Civilização Afro-Americana. Criou a 17A7, uma agência especializada em estratégia de comunicação com especialização no campo artístico. <br>
É especialista em gestão de Projectos, Assessoria de Imprensa, Gestão de equipes, assessoria de Imprensa e gestão comunitária.<br>
Board Member do Jazz(s)Ra –Fórum Jazz, Auvergne-Rhône-Alpes<br>
Efectuou Missões humanitárias no Senegal e Brasil, Organiza workshops de oficinas de jazz e de dança.<br>
Foi Presidente da companhia de dança Metamorphoz até 2015 (hip-hop, breakdance, contemporâneo) com turnês na China e EUA<br>
Imersa no mundo da música e da dança desde tenra idade, Astrid Bailo, queria colocar a serviço dos outros, suas habilidades transversais adquiridas durante suas experiências. &#8220;Com 17A7, eu escolhi compartilhar, aconselhar, trabalhar, transmitir.</p>

    <div class="xs_social_share_widget xs_share_url after_content 		main_content  wslu-style-1 wslu-share-box-shaped wslu-fill-colored wslu-none wslu-share-horizontal wslu-theme-font-no wslu-main_content">

		
        <ul>
			        </ul>
    </div>

<p>Board Member do Jazz(s)Ra –Fórum Jazz, Auvergne-Rhône-Alpes<br />
 Efectuou Missões humanitárias no Senegal e Brasil, Organiza workshops de oficinas de jazz e de dança.</p>
