{"id":2989,"date":"2020-03-20T13:55:16","date_gmt":"2020-03-20T11:55:16","guid":{"rendered":"https:\/\/www.moz.life\/moztickets\/?post_type=speaker&#038;p=2989"},"modified":"2020-03-20T14:03:58","modified_gmt":"2020-03-20T12:03:58","slug":"tania-hristova","status":"publish","type":"speaker","link":"https:\/\/moz.life\/moztickets\/speaker\/tania-hristova\/","title":{"rendered":"T\u00e2nia Hristova"},"content":{"rendered":"\n<p class=\"has-drop-cap\">\u00c9 especializada em fotografia documental de familias, e retrato lifestyle.<br>\nCarreira profissional desde 2003, deu os primeiros passos na casa Ricardo Rangel\/CFM.<br>\nAg\u00eancia&nbsp;Golo (Fotografia publicit\u00e1ria) e Porto\/IPF &#8211; especialidade em v\u00e1rias \u00e1reas da fotografia, marcaram o seu percurso.<br>\nNos \u00faltimos 10 anos, posicionada no mercado Mo\u00e7ambicano como fot\u00f3grafa documental de fam\u00edlia e lifestyle.&nbsp;<\/p>\n\n\n\n<p>Fotografia, sempre foi uma paix\u00e3o crescente\u2026&nbsp;Entendi logo que o que me deixava com sorrisos era mesmo interagir com as pessoas e fotograf\u00e1-las, os seus momentos, as suas express\u00f5es, peda\u00e7os da sua vida.<br>\nO que me atrai ao fotografar \u00e9&nbsp; ver a ess\u00eancia, a verdade nas pessoas e por este motivo sinto um grande prazer pela fotografia documental de familias, crian\u00e7as ..&nbsp; pessoas.<\/p>\n\n    <div class=\"xs_social_share_widget xs_share_url after_content \t\tmain_content  wslu-style-1 wslu-share-box-shaped wslu-fill-colored wslu-none wslu-share-horizontal wslu-theme-font-no wslu-main_content\">\n\n\t\t\n        <ul>\n\t\t\t        <\/ul>\n    <\/div> \n","protected":false},"excerpt":{"rendered":"<p>\u00c9 especializada em fotografia documental de familias, e retrato lifestyle. Carreira profissional desde 2003, deu os primeiros passos na casa Ricardo Rangel\/CFM. Ag\u00eancia&nbsp;Golo (Fotografia publicit\u00e1ria) e Porto\/IPF &#8211; especialidade em v\u00e1rias \u00e1reas da fotografia, marcaram o seu percurso. Nos \u00faltimos&#8230;<\/p>\n","protected":false},"author":13,"featured_media":0,"comment_status":"open","ping_status":"closed","template":"","meta":{"footnotes":""},"speaker-category":[],"speaker-tags":[],"location":[],"class_list":["post-2989","speaker","type-speaker","status-publish","hentry"],"jetpack_sharing_enabled":true,"_links":{"self":[{"href":"https:\/\/moz.life\/moztickets\/wp-json\/wp\/v2\/speaker\/2989","targetHints":{"allow":["GET"]}}],"collection":[{"href":"https:\/\/moz.life\/moztickets\/wp-json\/wp\/v2\/speaker"}],"about":[{"href":"https:\/\/moz.life\/moztickets\/wp-json\/wp\/v2\/types\/speaker"}],"author":[{"embeddable":true,"href":"https:\/\/moz.life\/moztickets\/wp-json\/wp\/v2\/users\/13"}],"replies":[{"embeddable":true,"href":"https:\/\/moz.life\/moztickets\/wp-json\/wp\/v2\/comments?post=2989"}],"version-history":[{"count":0,"href":"https:\/\/moz.life\/moztickets\/wp-json\/wp\/v2\/speaker\/2989\/revisions"}],"wp:attachment":[{"href":"https:\/\/moz.life\/moztickets\/wp-json\/wp\/v2\/media?parent=2989"}],"wp:term":[{"taxonomy":"speaker-category","embeddable":true,"href":"https:\/\/moz.life\/moztickets\/wp-json\/wp\/v2\/speaker-category?post=2989"},{"taxonomy":"speaker-tags","embeddable":true,"href":"https:\/\/moz.life\/moztickets\/wp-json\/wp\/v2\/speaker-tags?post=2989"},{"taxonomy":"location","embeddable":true,"href":"https:\/\/moz.life\/moztickets\/wp-json\/wp\/v2\/location?post=2989"}],"curies":[{"name":"wp","href":"https:\/\/api.w.org\/{rel}","templated":true}]}}

Tânia Hristova

<p class="has-drop-cap">É especializada em fotografia documental de familias, e retrato lifestyle.<br>
Carreira profissional desde 2003, deu os primeiros passos na casa Ricardo Rangel/CFM.<br>
Agência&nbsp;Golo (Fotografia publicitária) e Porto/IPF &#8211; especialidade em várias áreas da fotografia, marcaram o seu percurso.<br>
Nos últimos 10 anos, posicionada no mercado Moçambicano como fotógrafa documental de família e lifestyle.&nbsp;</p>



<p>Fotografia, sempre foi uma paixão crescente…&nbsp;Entendi logo que o que me deixava com sorrisos era mesmo interagir com as pessoas e fotografá-las, os seus momentos, as suas expressões, pedaços da sua vida.<br>
O que me atrai ao fotografar é&nbsp; ver a essência, a verdade nas pessoas e por este motivo sinto um grande prazer pela fotografia documental de familias, crianças ..&nbsp; pessoas.</p>

    <div class="xs_social_share_widget xs_share_url after_content 		main_content  wslu-style-1 wslu-share-box-shaped wslu-fill-colored wslu-none wslu-share-horizontal wslu-theme-font-no wslu-main_content">

		
        <ul>
			        </ul>
    </div>

<p>É especializada em fotografia documental de familias, e retrato lifestyle. Carreira profissional desde 2003, deu os primeiros passos na casa Ricardo Rangel/CFM. Agência&nbsp;Golo (Fotografia publicitária) e Porto/IPF &#8211; especialidade em várias áreas da fotografia, marcaram o seu percurso. Nos últimos&#8230;</p>
