{"id":2982,"date":"2020-03-20T11:26:22","date_gmt":"2020-03-20T09:26:22","guid":{"rendered":"https:\/\/www.moz.life\/moztickets\/?post_type=speaker&#038;p=2982"},"modified":"2020-03-20T11:44:47","modified_gmt":"2020-03-20T09:44:47","slug":"xavier-machiana","status":"publish","type":"speaker","link":"https:\/\/moz.life\/moztickets\/speaker\/xavier-machiana\/","title":{"rendered":"Xavier Machiana"},"content":{"rendered":"\n<p class=\"has-drop-cap\">Especialista em Comunica\u00e7\u00e3o em para o Desenvolvimento , mobiliza\u00e7\u00e3o comunit\u00e1ria, Estrat\u00e9gia e COMUNICA\u00c7\u00c3O PARA O DESENVOLVIMENTO, MOBILIZA\u00c7\u00c3O COMUNIT\u00c1RIA, \u00e9 Gest\u00e3o de Marketing Social,  m\u00fasico, compositor, actor e activista social. Lan\u00e7ou  recentemente no mercado o single &#8220;GRACE&#8221;&nbsp;produzido &nbsp;por&nbsp;Joao Carlos Schwalbach,&nbsp;com a&nbsp;participa\u00e7\u00e3o de&nbsp;John Caban&nbsp;(guitarrista deRichard Bona, entre outros).<br>\nFoi vocalista,&nbsp;guitarrista&nbsp;e compositor da banda Rockfellers\u00b4, a&nbsp;primeira banda de rock mo\u00e7ambicana que se notabilizou no cen\u00e1rio mainstream mo\u00e7ambicano, recebendo v\u00e1rios pr\u00e9mios e actuando em mais de 500&nbsp;espet\u00e1culos.<br>\nDividiu o mesmo palco com artistas nacionais e internacionais como:&nbsp;Bono Vox (U2),&nbsp;Sandra St. Victor&nbsp;(Prince, Chaka Khan, Tina Turner, Erykah Badu, etc),&nbsp;Kool &amp; The Gang,&nbsp;UB40, Martinho da Vila,&nbsp;Max Gazze,&nbsp;Lucky Dube,&nbsp;Hugh Masekela,&nbsp;Oliver Mtukuzi,&nbsp;Kassav,&nbsp;Bayete, Delfins,&nbsp;Rui Veloso,&nbsp;Xutos e Pontap\u00e9s,&nbsp;Sergio Godinho,&nbsp;Os Travessos,&nbsp;Tito Paris,&nbsp;Mafikizolo, Bongo Mafin, Danielle Silvestri, Rasta Rebels, Filipe Mukenga, Tiazinha, Kapa Dech, Awilo Longoba, Splash, Gil Semedo, Irmaos Verdade, Oliver Ngoma, Stewart Sukuma, Banda Kakana, Suzana Lubrano, Mandoza, Ghorwane, Wazimbo e muitos outros.<\/p>\n\n\n\n<p><\/p>\n\n    <div class=\"xs_social_share_widget xs_share_url after_content \t\tmain_content  wslu-style-1 wslu-share-box-shaped wslu-fill-colored wslu-none wslu-share-horizontal wslu-theme-font-no wslu-main_content\">\n\n\t\t\n        <ul>\n\t\t\t        <\/ul>\n    <\/div> \n","protected":false},"excerpt":{"rendered":"<p>Especialista em Comunica\u00e7\u00e3o em para o Desenvolvimento , mobiliza\u00e7\u00e3o comunit\u00e1ria, Estrat\u00e9gia e COMUNICA\u00c7\u00c3O PARA O DESENVOLVIMENTO, MOBILIZA\u00c7\u00c3O COMUNIT\u00c1RIA, \u00e9 Gest\u00e3o de Marketing Social, m\u00fasico, compositor, actor e activista social. Lan\u00e7ou recentemente no mercado o single &#8220;GRACE&#8221;&nbsp;produzido &nbsp;por&nbsp;Joao Carlos Schwalbach,&nbsp;com a&nbsp;participa\u00e7\u00e3o&#8230;<\/p>\n","protected":false},"author":13,"featured_media":0,"comment_status":"open","ping_status":"closed","template":"","meta":{"footnotes":""},"speaker-category":[],"speaker-tags":[],"location":[],"class_list":["post-2982","speaker","type-speaker","status-publish","hentry"],"jetpack_sharing_enabled":true,"_links":{"self":[{"href":"https:\/\/moz.life\/moztickets\/wp-json\/wp\/v2\/speaker\/2982","targetHints":{"allow":["GET"]}}],"collection":[{"href":"https:\/\/moz.life\/moztickets\/wp-json\/wp\/v2\/speaker"}],"about":[{"href":"https:\/\/moz.life\/moztickets\/wp-json\/wp\/v2\/types\/speaker"}],"author":[{"embeddable":true,"href":"https:\/\/moz.life\/moztickets\/wp-json\/wp\/v2\/users\/13"}],"replies":[{"embeddable":true,"href":"https:\/\/moz.life\/moztickets\/wp-json\/wp\/v2\/comments?post=2982"}],"version-history":[{"count":0,"href":"https:\/\/moz.life\/moztickets\/wp-json\/wp\/v2\/speaker\/2982\/revisions"}],"wp:attachment":[{"href":"https:\/\/moz.life\/moztickets\/wp-json\/wp\/v2\/media?parent=2982"}],"wp:term":[{"taxonomy":"speaker-category","embeddable":true,"href":"https:\/\/moz.life\/moztickets\/wp-json\/wp\/v2\/speaker-category?post=2982"},{"taxonomy":"speaker-tags","embeddable":true,"href":"https:\/\/moz.life\/moztickets\/wp-json\/wp\/v2\/speaker-tags?post=2982"},{"taxonomy":"location","embeddable":true,"href":"https:\/\/moz.life\/moztickets\/wp-json\/wp\/v2\/location?post=2982"}],"curies":[{"name":"wp","href":"https:\/\/api.w.org\/{rel}","templated":true}]}}

<p class="has-drop-cap">Especialista em Comunicação em para o Desenvolvimento , mobilização comunitária, Estratégia e COMUNICAÇÃO PARA O DESENVOLVIMENTO, MOBILIZAÇÃO COMUNITÁRIA, é Gestão de Marketing Social,  músico, compositor, actor e activista social. Lançou  recentemente no mercado o single &#8220;GRACE&#8221;&nbsp;produzido &nbsp;por&nbsp;Joao Carlos Schwalbach,&nbsp;com a&nbsp;participação de&nbsp;John Caban&nbsp;(guitarrista deRichard Bona, entre outros).<br>
Foi vocalista,&nbsp;guitarrista&nbsp;e compositor da banda Rockfellers´, a&nbsp;primeira banda de rock moçambicana que se notabilizou no cenário mainstream moçambicano, recebendo vários prémios e actuando em mais de 500&nbsp;espetáculos.<br>
Dividiu o mesmo palco com artistas nacionais e internacionais como:&nbsp;Bono Vox (U2),&nbsp;Sandra St. Victor&nbsp;(Prince, Chaka Khan, Tina Turner, Erykah Badu, etc),&nbsp;Kool &amp; The Gang,&nbsp;UB40, Martinho da Vila,&nbsp;Max Gazze,&nbsp;Lucky Dube,&nbsp;Hugh Masekela,&nbsp;Oliver Mtukuzi,&nbsp;Kassav,&nbsp;Bayete, Delfins,&nbsp;Rui Veloso,&nbsp;Xutos e Pontapés,&nbsp;Sergio Godinho,&nbsp;Os Travessos,&nbsp;Tito Paris,&nbsp;Mafikizolo, Bongo Mafin, Danielle Silvestri, Rasta Rebels, Filipe Mukenga, Tiazinha, Kapa Dech, Awilo Longoba, Splash, Gil Semedo, Irmaos Verdade, Oliver Ngoma, Stewart Sukuma, Banda Kakana, Suzana Lubrano, Mandoza, Ghorwane, Wazimbo e muitos outros.</p>



<p></p>

    <div class="xs_social_share_widget xs_share_url after_content 		main_content  wslu-style-1 wslu-share-box-shaped wslu-fill-colored wslu-none wslu-share-horizontal wslu-theme-font-no wslu-main_content">

		
        <ul>
			        </ul>
    </div>

<p>Especialista em Comunicação em para o Desenvolvimento , mobilização comunitária, Estratégia e COMUNICAÇÃO PARA O DESENVOLVIMENTO, MOBILIZAÇÃO COMUNITÁRIA, é Gestão de Marketing Social, músico, compositor, actor e activista social. Lançou recentemente no mercado o single &#8220;GRACE&#8221;&nbsp;produzido &nbsp;por&nbsp;Joao Carlos Schwalbach,&nbsp;com a&nbsp;participação&#8230;</p>
