{"id":37807,"date":"2026-09-04T22:55:33","date_gmt":"2026-09-04T20:55:33","guid":{"rendered":"https:\/\/moz.life\/moztickets\/?post_type=event&#038;p=37807"},"modified":"2026-09-04T22:55:33","modified_gmt":"2026-09-04T20:55:33","slug":"sessao-de-escuta-a-caminho-do-album-com-badjero","status":"publish","type":"event","link":"https:\/\/moz.life\/moztickets\/event\/sessao-de-escuta-a-caminho-do-album-com-badjero\/","title":{"rendered":"Sess\u00e3o de Escuta &#8216;A Caminho do \u00c1lbum&#8217; com Badjero"},"content":{"rendered":"<p>No dia 12 de Setembro, \u00e0s 19h00, o Espa\u00e7o Cultural 16 Neto em Maputo ser\u00e1 palco de uma experi\u00eancia \u00fanica com Badjero. A sess\u00e3o de escuta, intitulada &#8216;A Caminho do \u00c1lbum&#8217;, promete uma imers\u00e3o sonora que entusiasmar\u00e1 todos os presentes. Este evento exclusivo de tr\u00eas horas oferece uma antevis\u00e3o das cria\u00e7\u00f5es musicais de Badjero, proporcionando ao p\u00fablico a oportunidade de testemunhar o talento emergente em primeira m\u00e3o.<\/p>\n<p><a href=\"moz.life\/moztickets\/event\/fordep-forum-de-desenvolvimento-empresarial-e-pessoal-mz\/\" target=\"_blank\" rel=\"noopener\"><img fetchpriority=\"high\" decoding=\"async\" class=\"alignnone wp-image-37661 size-full\" src=\"https:\/\/moz.life\/moztickets\/wp-content\/uploads\/2026\/08\/FORDEP_Banner_1700x4001.jpg\" alt=\"\" width=\"1700\" height=\"400\" srcset=\"https:\/\/moz.life\/moztickets\/wp-content\/uploads\/2026\/08\/FORDEP_Banner_1700x4001.jpg 1700w, https:\/\/moz.life\/moztickets\/wp-content\/uploads\/2026\/08\/FORDEP_Banner_1700x4001-300x71.jpg 300w, https:\/\/moz.life\/moztickets\/wp-content\/uploads\/2026\/08\/FORDEP_Banner_1700x4001-1024x241.jpg 1024w, https:\/\/moz.life\/moztickets\/wp-content\/uploads\/2026\/08\/FORDEP_Banner_1700x4001-768x181.jpg 768w, https:\/\/moz.life\/moztickets\/wp-content\/uploads\/2026\/08\/FORDEP_Banner_1700x4001-1536x361.jpg 1536w, https:\/\/moz.life\/moztickets\/wp-content\/uploads\/2026\/08\/FORDEP_Banner_1700x4001-450x106.jpg 450w\" sizes=\"(max-width: 1700px) 100vw, 1700px\" \/><\/a><\/p>\n\n    <div class=\"xs_social_share_widget xs_share_url after_content \t\tmain_content  wslu-style-1 wslu-share-box-shaped wslu-fill-colored wslu-none wslu-share-horizontal wslu-theme-font-no wslu-main_content\">\n\n\t\t\n        <ul>\n\t\t\t        <\/ul>\n    <\/div> \n","protected":false},"excerpt":{"rendered":"<p>Participe de uma noite envolvente de m\u00fasica com Badjero no 16Neto. Descubra sons in\u00e9ditos e explore o universo musical antes do lan\u00e7amento do \u00e1lbum.<\/p>\n","protected":false},"author":13,"featured_media":37802,"comment_status":"closed","ping_status":"closed","template":"","meta":{"footnotes":""},"eventcat":[327],"organizer":[139],"event_tags":[198,334,194,299],"location":[1043],"class_list":["post-37807","event","type-event","status-publish","has-post-thumbnail","hentry","eventcat-musica","organizer-16-neto","event_tags-16neto","event_tags-ccma-goethe-maputo","event_tags-centro-cultural-brasil-mocambique","event_tags-centro-cultural-franco-mocambicano","location-16neto-cultural-space"],"jetpack_sharing_enabled":true,"_links":{"self":[{"href":"https:\/\/moz.life\/moztickets\/wp-json\/wp\/v2\/event\/37807","targetHints":{"allow":["GET"]}}],"collection":[{"href":"https:\/\/moz.life\/moztickets\/wp-json\/wp\/v2\/event"}],"about":[{"href":"https:\/\/moz.life\/moztickets\/wp-json\/wp\/v2\/types\/event"}],"author":[{"embeddable":true,"href":"https:\/\/moz.life\/moztickets\/wp-json\/wp\/v2\/users\/13"}],"replies":[{"embeddable":true,"href":"https:\/\/moz.life\/moztickets\/wp-json\/wp\/v2\/comments?post=37807"}],"version-history":[{"count":1,"href":"https:\/\/moz.life\/moztickets\/wp-json\/wp\/v2\/event\/37807\/revisions"}],"predecessor-version":[{"id":37808,"href":"https:\/\/moz.life\/moztickets\/wp-json\/wp\/v2\/event\/37807\/revisions\/37808"}],"wp:attachment":[{"href":"https:\/\/moz.life\/moztickets\/wp-json\/wp\/v2\/media?parent=37807"}],"wp:term":[{"taxonomy":"eventcat","embeddable":true,"href":"https:\/\/moz.life\/moztickets\/wp-json\/wp\/v2\/eventcat?post=37807"},{"taxonomy":"organizer","embeddable":true,"href":"https:\/\/moz.life\/moztickets\/wp-json\/wp\/v2\/organizer?post=37807"},{"taxonomy":"event_tags","embeddable":true,"href":"https:\/\/moz.life\/moztickets\/wp-json\/wp\/v2\/event_tags?post=37807"},{"taxonomy":"location","embeddable":true,"href":"https:\/\/moz.life\/moztickets\/wp-json\/wp\/v2\/location?post=37807"}],"curies":[{"name":"wp","href":"https:\/\/api.w.org\/{rel}","templated":true}]}}

Sessão de Escuta &#8216;A Caminho do Álbum&#8217; com Badjero

<p>No dia 12 de Setembro, às 19h00, o Espaço Cultural 16 Neto em Maputo será palco de uma experiência única com Badjero. A sessão de escuta, intitulada &#8216;A Caminho do Álbum&#8217;, promete uma imersão sonora que entusiasmará todos os presentes. Este evento exclusivo de três horas oferece uma antevisão das criações musicais de Badjero, proporcionando ao público a oportunidade de testemunhar o talento emergente em primeira mão.</p>
<p><a href="moz.life/moztickets/event/fordep-forum-de-desenvolvimento-empresarial-e-pessoal-mz/" target="_blank" rel="noopener"><img fetchpriority="high" decoding="async" class="alignnone wp-image-37661 size-full" src="https://moz.life/moztickets/wp-content/uploads/2026/08/FORDEP_Banner_1700x4001.jpg" alt="" width="1700" height="400" srcset="https://moz.life/moztickets/wp-content/uploads/2026/08/FORDEP_Banner_1700x4001.jpg 1700w, https://moz.life/moztickets/wp-content/uploads/2026/08/FORDEP_Banner_1700x4001-300x71.jpg 300w, https://moz.life/moztickets/wp-content/uploads/2026/08/FORDEP_Banner_1700x4001-1024x241.jpg 1024w, https://moz.life/moztickets/wp-content/uploads/2026/08/FORDEP_Banner_1700x4001-768x181.jpg 768w, https://moz.life/moztickets/wp-content/uploads/2026/08/FORDEP_Banner_1700x4001-1536x361.jpg 1536w, https://moz.life/moztickets/wp-content/uploads/2026/08/FORDEP_Banner_1700x4001-450x106.jpg 450w" sizes="(max-width: 1700px) 100vw, 1700px" /></a></p>

    <div class="xs_social_share_widget xs_share_url after_content 		main_content  wslu-style-1 wslu-share-box-shaped wslu-fill-colored wslu-none wslu-share-horizontal wslu-theme-font-no wslu-main_content">

		
        <ul>
			        </ul>
    </div>

<p>Participe de uma noite envolvente de música com Badjero no 16Neto. Descubra sons inéditos e explore o universo musical antes do lançamento do álbum.</p>
