{"id":37805,"date":"2026-09-04T22:49:55","date_gmt":"2026-09-04T20:49:55","guid":{"rendered":"https:\/\/moz.life\/moztickets\/?post_type=event&#038;p=37805"},"modified":"2026-09-04T22:49:55","modified_gmt":"2026-09-04T20:49:55","slug":"atelier-filosofico-lutar-por-mocambique-hoje","status":"publish","type":"event","link":"https:\/\/moz.life\/moztickets\/event\/atelier-filosofico-lutar-por-mocambique-hoje\/","title":{"rendered":"Atelier Filos\u00f3fico: Lutar por Mo\u00e7ambique, hoje"},"content":{"rendered":"<p>A Funda\u00e7\u00e3o Fernando Leite Couto ser\u00e1 palco de um encontro enriquecedor no dia 9 de setembro de 2026. Este atelier filos\u00f3fico contar\u00e1 com a presen\u00e7a de On\u00f3rio Manuel Boane, Vice-presidente da CTA e Diretor Geral da MozParks, que ir\u00e1 explorar o tema &#8220;Lutar por Mo\u00e7ambique, hoje&#8221;. A sess\u00e3o ser\u00e1 moderada por Severino Ngoenha, oferecendo uma oportunidade \u00fanica para refletir sobre o papel e os desafios de Mo\u00e7ambique na atualidade. Com entrada livre, este evento promete inspirar e desafiar mentes curiosas a aprofundarem-se nas quest\u00f5es contempor\u00e2neas do pa\u00eds.<\/p>\n<p><a href=\"moz.life\/moztickets\/event\/fordep-forum-de-desenvolvimento-empresarial-e-pessoal-mz\/\" target=\"_blank\" rel=\"noopener\"><img fetchpriority=\"high\" decoding=\"async\" class=\"alignnone wp-image-37661 size-full\" src=\"https:\/\/moz.life\/moztickets\/wp-content\/uploads\/2026\/08\/FORDEP_Banner_1700x4001.jpg\" alt=\"\" width=\"1700\" height=\"400\" srcset=\"https:\/\/moz.life\/moztickets\/wp-content\/uploads\/2026\/08\/FORDEP_Banner_1700x4001.jpg 1700w, https:\/\/moz.life\/moztickets\/wp-content\/uploads\/2026\/08\/FORDEP_Banner_1700x4001-300x71.jpg 300w, https:\/\/moz.life\/moztickets\/wp-content\/uploads\/2026\/08\/FORDEP_Banner_1700x4001-1024x241.jpg 1024w, https:\/\/moz.life\/moztickets\/wp-content\/uploads\/2026\/08\/FORDEP_Banner_1700x4001-768x181.jpg 768w, https:\/\/moz.life\/moztickets\/wp-content\/uploads\/2026\/08\/FORDEP_Banner_1700x4001-1536x361.jpg 1536w, https:\/\/moz.life\/moztickets\/wp-content\/uploads\/2026\/08\/FORDEP_Banner_1700x4001-450x106.jpg 450w\" sizes=\"(max-width: 1700px) 100vw, 1700px\" \/><\/a><\/p>\n\n    <div class=\"xs_social_share_widget xs_share_url after_content \t\tmain_content  wslu-style-1 wslu-share-box-shaped wslu-fill-colored wslu-none wslu-share-horizontal wslu-theme-font-no wslu-main_content\">\n\n\t\t\n        <ul>\n\t\t\t        <\/ul>\n    <\/div> \n","protected":false},"excerpt":{"rendered":"<p>Participe do pr\u00f3ximo Atelier Filos\u00f3fico na Funda\u00e7\u00e3o Fernando Leite Couto e explore o tema &#8220;Lutar por Mo\u00e7ambique, hoje&#8221; com On\u00f3rio Manuel Boane e modera\u00e7\u00e3o de Severino Ngoenha. Uma oportunidade \u00fanica de reflex\u00e3o e di\u00e1logo sobre os desafios atuais do pa\u00eds.<\/p>\n","protected":false},"author":13,"featured_media":37801,"comment_status":"closed","ping_status":"closed","template":"","meta":{"footnotes":""},"eventcat":[929],"organizer":[138],"event_tags":[],"location":[1030],"class_list":["post-37805","event","type-event","status-publish","has-post-thumbnail","hentry","eventcat-seminario","organizer-fundacao-fernando-leite-couto","location-fundacao-fernando-leite-couto"],"jetpack_sharing_enabled":true,"_links":{"self":[{"href":"https:\/\/moz.life\/moztickets\/wp-json\/wp\/v2\/event\/37805","targetHints":{"allow":["GET"]}}],"collection":[{"href":"https:\/\/moz.life\/moztickets\/wp-json\/wp\/v2\/event"}],"about":[{"href":"https:\/\/moz.life\/moztickets\/wp-json\/wp\/v2\/types\/event"}],"author":[{"embeddable":true,"href":"https:\/\/moz.life\/moztickets\/wp-json\/wp\/v2\/users\/13"}],"replies":[{"embeddable":true,"href":"https:\/\/moz.life\/moztickets\/wp-json\/wp\/v2\/comments?post=37805"}],"version-history":[{"count":1,"href":"https:\/\/moz.life\/moztickets\/wp-json\/wp\/v2\/event\/37805\/revisions"}],"predecessor-version":[{"id":37806,"href":"https:\/\/moz.life\/moztickets\/wp-json\/wp\/v2\/event\/37805\/revisions\/37806"}],"wp:attachment":[{"href":"https:\/\/moz.life\/moztickets\/wp-json\/wp\/v2\/media?parent=37805"}],"wp:term":[{"taxonomy":"eventcat","embeddable":true,"href":"https:\/\/moz.life\/moztickets\/wp-json\/wp\/v2\/eventcat?post=37805"},{"taxonomy":"organizer","embeddable":true,"href":"https:\/\/moz.life\/moztickets\/wp-json\/wp\/v2\/organizer?post=37805"},{"taxonomy":"event_tags","embeddable":true,"href":"https:\/\/moz.life\/moztickets\/wp-json\/wp\/v2\/event_tags?post=37805"},{"taxonomy":"location","embeddable":true,"href":"https:\/\/moz.life\/moztickets\/wp-json\/wp\/v2\/location?post=37805"}],"curies":[{"name":"wp","href":"https:\/\/api.w.org\/{rel}","templated":true}]}}

Atelier Filosófico: Lutar por Moçambique, hoje

<p>A Fundação Fernando Leite Couto será palco de um encontro enriquecedor no dia 9 de setembro de 2026. Este atelier filosófico contará com a presença de Onório Manuel Boane, Vice-presidente da CTA e Diretor Geral da MozParks, que irá explorar o tema &#8220;Lutar por Moçambique, hoje&#8221;. A sessão será moderada por Severino Ngoenha, oferecendo uma oportunidade única para refletir sobre o papel e os desafios de Moçambique na atualidade. Com entrada livre, este evento promete inspirar e desafiar mentes curiosas a aprofundarem-se nas questões contemporâneas do país.</p>
<p><a href="moz.life/moztickets/event/fordep-forum-de-desenvolvimento-empresarial-e-pessoal-mz/" target="_blank" rel="noopener"><img fetchpriority="high" decoding="async" class="alignnone wp-image-37661 size-full" src="https://moz.life/moztickets/wp-content/uploads/2026/08/FORDEP_Banner_1700x4001.jpg" alt="" width="1700" height="400" srcset="https://moz.life/moztickets/wp-content/uploads/2026/08/FORDEP_Banner_1700x4001.jpg 1700w, https://moz.life/moztickets/wp-content/uploads/2026/08/FORDEP_Banner_1700x4001-300x71.jpg 300w, https://moz.life/moztickets/wp-content/uploads/2026/08/FORDEP_Banner_1700x4001-1024x241.jpg 1024w, https://moz.life/moztickets/wp-content/uploads/2026/08/FORDEP_Banner_1700x4001-768x181.jpg 768w, https://moz.life/moztickets/wp-content/uploads/2026/08/FORDEP_Banner_1700x4001-1536x361.jpg 1536w, https://moz.life/moztickets/wp-content/uploads/2026/08/FORDEP_Banner_1700x4001-450x106.jpg 450w" sizes="(max-width: 1700px) 100vw, 1700px" /></a></p>

    <div class="xs_social_share_widget xs_share_url after_content 		main_content  wslu-style-1 wslu-share-box-shaped wslu-fill-colored wslu-none wslu-share-horizontal wslu-theme-font-no wslu-main_content">

		
        <ul>
			        </ul>
    </div>

<p>Participe do próximo Atelier Filosófico na Fundação Fernando Leite Couto e explore o tema &#8220;Lutar por Moçambique, hoje&#8221; com Onório Manuel Boane e moderação de Severino Ngoenha. Uma oportunidade única de reflexão e diálogo sobre os desafios atuais do país.</p>
