{"id":37794,"date":"2026-09-03T22:23:55","date_gmt":"2026-09-03T20:23:55","guid":{"rendered":"https:\/\/moz.life\/moztickets\/?post_type=event&#038;p=37794"},"modified":"2026-09-03T22:23:55","modified_gmt":"2026-09-03T20:23:55","slug":"ulanda-a-estetica-do-viver-makonde","status":"publish","type":"event","link":"https:\/\/moz.life\/moztickets\/event\/ulanda-a-estetica-do-viver-makonde\/","title":{"rendered":"Ulanda: A Est\u00e9tica do Viver Makonde"},"content":{"rendered":"<p>Descubra a profunda riqueza est\u00e9tica da cultura Makonde na exposi\u00e7\u00e3o &#8216;Ulanda: A Est\u00e9tica do Viver Makonde&#8217;, com curadoria de Otilia Aquino. Revitalize os seus sentidos atrav\u00e9s de esculturas de artistas renomados como Miguel Valingue e Lamizoss\u00e9 Madanguo. A exibi\u00e7\u00e3o promete uma experi\u00eancia cultural imersiva com workshops, visitas escolares e palestras, no Centro Cultural Portugu\u00eas em Maputo.<\/p>\n<p><a href=\"moz.life\/moztickets\/event\/fordep-forum-de-desenvolvimento-empresarial-e-pessoal-mz\/\" target=\"_blank\" rel=\"noopener\"><img fetchpriority=\"high\" decoding=\"async\" class=\"alignnone wp-image-37661 size-full\" src=\"https:\/\/moz.life\/moztickets\/wp-content\/uploads\/2026\/08\/FORDEP_Banner_1700x4001.jpg\" alt=\"\" width=\"1700\" height=\"400\" srcset=\"https:\/\/moz.life\/moztickets\/wp-content\/uploads\/2026\/08\/FORDEP_Banner_1700x4001.jpg 1700w, https:\/\/moz.life\/moztickets\/wp-content\/uploads\/2026\/08\/FORDEP_Banner_1700x4001-300x71.jpg 300w, https:\/\/moz.life\/moztickets\/wp-content\/uploads\/2026\/08\/FORDEP_Banner_1700x4001-1024x241.jpg 1024w, https:\/\/moz.life\/moztickets\/wp-content\/uploads\/2026\/08\/FORDEP_Banner_1700x4001-768x181.jpg 768w, https:\/\/moz.life\/moztickets\/wp-content\/uploads\/2026\/08\/FORDEP_Banner_1700x4001-1536x361.jpg 1536w, https:\/\/moz.life\/moztickets\/wp-content\/uploads\/2026\/08\/FORDEP_Banner_1700x4001-450x106.jpg 450w\" sizes=\"(max-width: 1700px) 100vw, 1700px\" \/><\/a><\/p>\n\n    <div class=\"xs_social_share_widget xs_share_url after_content \t\tmain_content  wslu-style-1 wslu-share-box-shaped wslu-fill-colored wslu-none wslu-share-horizontal wslu-theme-font-no wslu-main_content\">\n\n\t\t\n        <ul>\n\t\t\t        <\/ul>\n    <\/div> \n","protected":false},"excerpt":{"rendered":"<p>Explore as esculturas fascinantes de Miguel Valingue e Lamizoss\u00e9 Madanguo na exposi\u00e7\u00e3o &#8216;Ulanda: A Est\u00e9tica do Viver Makonde&#8217;. Participe em workshops e palestras que enriquecem a sua compreens\u00e3o cultural. Um evento imperd\u00edvel em Maputo.<\/p>\n","protected":false},"author":13,"featured_media":37781,"comment_status":"closed","ping_status":"closed","template":"","meta":{"footnotes":""},"eventcat":[256],"organizer":[1203],"event_tags":[1204],"location":[1205],"class_list":["post-37794","event","type-event","status-publish","has-post-thumbnail","hentry","eventcat-exposicoes-e-museus","organizer-camoes-centro-cultural-portugues-2","event_tags-camoes-centro-cultural-portugues","location-camoes-centro-cultural-portugues"],"jetpack_sharing_enabled":true,"_links":{"self":[{"href":"https:\/\/moz.life\/moztickets\/wp-json\/wp\/v2\/event\/37794","targetHints":{"allow":["GET"]}}],"collection":[{"href":"https:\/\/moz.life\/moztickets\/wp-json\/wp\/v2\/event"}],"about":[{"href":"https:\/\/moz.life\/moztickets\/wp-json\/wp\/v2\/types\/event"}],"author":[{"embeddable":true,"href":"https:\/\/moz.life\/moztickets\/wp-json\/wp\/v2\/users\/13"}],"replies":[{"embeddable":true,"href":"https:\/\/moz.life\/moztickets\/wp-json\/wp\/v2\/comments?post=37794"}],"version-history":[{"count":1,"href":"https:\/\/moz.life\/moztickets\/wp-json\/wp\/v2\/event\/37794\/revisions"}],"predecessor-version":[{"id":37796,"href":"https:\/\/moz.life\/moztickets\/wp-json\/wp\/v2\/event\/37794\/revisions\/37796"}],"wp:attachment":[{"href":"https:\/\/moz.life\/moztickets\/wp-json\/wp\/v2\/media?parent=37794"}],"wp:term":[{"taxonomy":"eventcat","embeddable":true,"href":"https:\/\/moz.life\/moztickets\/wp-json\/wp\/v2\/eventcat?post=37794"},{"taxonomy":"organizer","embeddable":true,"href":"https:\/\/moz.life\/moztickets\/wp-json\/wp\/v2\/organizer?post=37794"},{"taxonomy":"event_tags","embeddable":true,"href":"https:\/\/moz.life\/moztickets\/wp-json\/wp\/v2\/event_tags?post=37794"},{"taxonomy":"location","embeddable":true,"href":"https:\/\/moz.life\/moztickets\/wp-json\/wp\/v2\/location?post=37794"}],"curies":[{"name":"wp","href":"https:\/\/api.w.org\/{rel}","templated":true}]}}

Ulanda: A Estética do Viver Makonde

<p>Descubra a profunda riqueza estética da cultura Makonde na exposição &#8216;Ulanda: A Estética do Viver Makonde&#8217;, com curadoria de Otilia Aquino. Revitalize os seus sentidos através de esculturas de artistas renomados como Miguel Valingue e Lamizossé Madanguo. A exibição promete uma experiência cultural imersiva com workshops, visitas escolares e palestras, no Centro Cultural Português em Maputo.</p>
<p><a href="moz.life/moztickets/event/fordep-forum-de-desenvolvimento-empresarial-e-pessoal-mz/" target="_blank" rel="noopener"><img fetchpriority="high" decoding="async" class="alignnone wp-image-37661 size-full" src="https://moz.life/moztickets/wp-content/uploads/2026/08/FORDEP_Banner_1700x4001.jpg" alt="" width="1700" height="400" srcset="https://moz.life/moztickets/wp-content/uploads/2026/08/FORDEP_Banner_1700x4001.jpg 1700w, https://moz.life/moztickets/wp-content/uploads/2026/08/FORDEP_Banner_1700x4001-300x71.jpg 300w, https://moz.life/moztickets/wp-content/uploads/2026/08/FORDEP_Banner_1700x4001-1024x241.jpg 1024w, https://moz.life/moztickets/wp-content/uploads/2026/08/FORDEP_Banner_1700x4001-768x181.jpg 768w, https://moz.life/moztickets/wp-content/uploads/2026/08/FORDEP_Banner_1700x4001-1536x361.jpg 1536w, https://moz.life/moztickets/wp-content/uploads/2026/08/FORDEP_Banner_1700x4001-450x106.jpg 450w" sizes="(max-width: 1700px) 100vw, 1700px" /></a></p>

    <div class="xs_social_share_widget xs_share_url after_content 		main_content  wslu-style-1 wslu-share-box-shaped wslu-fill-colored wslu-none wslu-share-horizontal wslu-theme-font-no wslu-main_content">

		
        <ul>
			        </ul>
    </div>

<p>Explore as esculturas fascinantes de Miguel Valingue e Lamizossé Madanguo na exposição &#8216;Ulanda: A Estética do Viver Makonde&#8217;. Participe em workshops e palestras que enriquecem a sua compreensão cultural. Um evento imperdível em Maputo.</p>
