{"id":37791,"date":"2026-09-03T22:18:04","date_gmt":"2026-09-03T20:18:04","guid":{"rendered":"https:\/\/moz.life\/moztickets\/?post_type=event&#038;p=37791"},"modified":"2026-09-03T22:18:04","modified_gmt":"2026-09-03T20:18:04","slug":"sementes-de-vento-workshop-com-os-artistas","status":"publish","type":"event","link":"https:\/\/moz.life\/moztickets\/event\/sementes-de-vento-workshop-com-os-artistas\/","title":{"rendered":"Sementes de Vento: Workshop com os Artistas"},"content":{"rendered":"<p>Descubra o mundo criativo de &#8216;Sementes de Vento&#8217; no workshop imperd\u00edvel em 5 de setembro de 2026, na Galeria. De 11h \u00e0s 16h, artistas como Medjiss Mutombene, Recilio Chilundo e outros compartilhar\u00e3o suas inspira\u00e7\u00f5es sob a curadoria de Raquel Vedor. Uma oportunidade \u00fanica para mergulhar na arte contempor\u00e2nea e interagir com seus criadores.<\/p>\n<p><a href=\"moz.life\/moztickets\/event\/fordep-forum-de-desenvolvimento-empresarial-e-pessoal-mz\/\" target=\"_blank\" rel=\"noopener\"><img fetchpriority=\"high\" decoding=\"async\" class=\"alignnone wp-image-37661 size-full\" src=\"https:\/\/moz.life\/moztickets\/wp-content\/uploads\/2026\/08\/FORDEP_Banner_1700x4001.jpg\" alt=\"\" width=\"1700\" height=\"400\" srcset=\"https:\/\/moz.life\/moztickets\/wp-content\/uploads\/2026\/08\/FORDEP_Banner_1700x4001.jpg 1700w, https:\/\/moz.life\/moztickets\/wp-content\/uploads\/2026\/08\/FORDEP_Banner_1700x4001-300x71.jpg 300w, https:\/\/moz.life\/moztickets\/wp-content\/uploads\/2026\/08\/FORDEP_Banner_1700x4001-1024x241.jpg 1024w, https:\/\/moz.life\/moztickets\/wp-content\/uploads\/2026\/08\/FORDEP_Banner_1700x4001-768x181.jpg 768w, https:\/\/moz.life\/moztickets\/wp-content\/uploads\/2026\/08\/FORDEP_Banner_1700x4001-1536x361.jpg 1536w, https:\/\/moz.life\/moztickets\/wp-content\/uploads\/2026\/08\/FORDEP_Banner_1700x4001-450x106.jpg 450w\" sizes=\"(max-width: 1700px) 100vw, 1700px\" \/><\/a><\/p>\n\n    <div class=\"xs_social_share_widget xs_share_url after_content \t\tmain_content  wslu-style-1 wslu-share-box-shaped wslu-fill-colored wslu-none wslu-share-horizontal wslu-theme-font-no wslu-main_content\">\n\n\t\t\n        <ul>\n\t\t\t        <\/ul>\n    <\/div> \n","protected":false},"excerpt":{"rendered":"<p>Participe do workshop &#8216;Sementes de Vento&#8217; na Galeria e interaja com destacados artistas mo\u00e7ambicanos. Uma experi\u00eancia enriquecedora de arte e cultura espera por voc\u00ea.<\/p>\n","protected":false},"author":13,"featured_media":37779,"comment_status":"closed","ping_status":"closed","template":"","meta":{"footnotes":""},"eventcat":[846],"organizer":[247],"event_tags":[271],"location":[739],"class_list":["post-37791","event","type-event","status-publish","has-post-thumbnail","hentry","eventcat-workshop","organizer-galeria","event_tags-galeria","location-galeria-porto-de-maputo"],"jetpack_sharing_enabled":true,"_links":{"self":[{"href":"https:\/\/moz.life\/moztickets\/wp-json\/wp\/v2\/event\/37791","targetHints":{"allow":["GET"]}}],"collection":[{"href":"https:\/\/moz.life\/moztickets\/wp-json\/wp\/v2\/event"}],"about":[{"href":"https:\/\/moz.life\/moztickets\/wp-json\/wp\/v2\/types\/event"}],"author":[{"embeddable":true,"href":"https:\/\/moz.life\/moztickets\/wp-json\/wp\/v2\/users\/13"}],"replies":[{"embeddable":true,"href":"https:\/\/moz.life\/moztickets\/wp-json\/wp\/v2\/comments?post=37791"}],"version-history":[{"count":1,"href":"https:\/\/moz.life\/moztickets\/wp-json\/wp\/v2\/event\/37791\/revisions"}],"predecessor-version":[{"id":37793,"href":"https:\/\/moz.life\/moztickets\/wp-json\/wp\/v2\/event\/37791\/revisions\/37793"}],"wp:attachment":[{"href":"https:\/\/moz.life\/moztickets\/wp-json\/wp\/v2\/media?parent=37791"}],"wp:term":[{"taxonomy":"eventcat","embeddable":true,"href":"https:\/\/moz.life\/moztickets\/wp-json\/wp\/v2\/eventcat?post=37791"},{"taxonomy":"organizer","embeddable":true,"href":"https:\/\/moz.life\/moztickets\/wp-json\/wp\/v2\/organizer?post=37791"},{"taxonomy":"event_tags","embeddable":true,"href":"https:\/\/moz.life\/moztickets\/wp-json\/wp\/v2\/event_tags?post=37791"},{"taxonomy":"location","embeddable":true,"href":"https:\/\/moz.life\/moztickets\/wp-json\/wp\/v2\/location?post=37791"}],"curies":[{"name":"wp","href":"https:\/\/api.w.org\/{rel}","templated":true}]}}

<p>Descubra o mundo criativo de &#8216;Sementes de Vento&#8217; no workshop imperdível em 5 de setembro de 2026, na Galeria. De 11h às 16h, artistas como Medjiss Mutombene, Recilio Chilundo e outros compartilharão suas inspirações sob a curadoria de Raquel Vedor. Uma oportunidade única para mergulhar na arte contemporânea e interagir com seus criadores.</p>
<p><a href="moz.life/moztickets/event/fordep-forum-de-desenvolvimento-empresarial-e-pessoal-mz/" target="_blank" rel="noopener"><img fetchpriority="high" decoding="async" class="alignnone wp-image-37661 size-full" src="https://moz.life/moztickets/wp-content/uploads/2026/08/FORDEP_Banner_1700x4001.jpg" alt="" width="1700" height="400" srcset="https://moz.life/moztickets/wp-content/uploads/2026/08/FORDEP_Banner_1700x4001.jpg 1700w, https://moz.life/moztickets/wp-content/uploads/2026/08/FORDEP_Banner_1700x4001-300x71.jpg 300w, https://moz.life/moztickets/wp-content/uploads/2026/08/FORDEP_Banner_1700x4001-1024x241.jpg 1024w, https://moz.life/moztickets/wp-content/uploads/2026/08/FORDEP_Banner_1700x4001-768x181.jpg 768w, https://moz.life/moztickets/wp-content/uploads/2026/08/FORDEP_Banner_1700x4001-1536x361.jpg 1536w, https://moz.life/moztickets/wp-content/uploads/2026/08/FORDEP_Banner_1700x4001-450x106.jpg 450w" sizes="(max-width: 1700px) 100vw, 1700px" /></a></p>

    <div class="xs_social_share_widget xs_share_url after_content 		main_content  wslu-style-1 wslu-share-box-shaped wslu-fill-colored wslu-none wslu-share-horizontal wslu-theme-font-no wslu-main_content">

		
        <ul>
			        </ul>
    </div>

<p>Participe do workshop &#8216;Sementes de Vento&#8217; na Galeria e interaja com destacados artistas moçambicanos. Uma experiência enriquecedora de arte e cultura espera por você.</p>
