{"id":37783,"date":"2026-09-03T22:05:16","date_gmt":"2026-09-03T20:05:16","guid":{"rendered":"https:\/\/moz.life\/moztickets\/?post_type=event&#038;p=37783"},"modified":"2026-09-03T22:05:16","modified_gmt":"2026-09-03T20:05:16","slug":"cafe-com-agricultores-afterwork","status":"publish","type":"event","link":"https:\/\/moz.life\/moztickets\/event\/cafe-com-agricultores-afterwork\/","title":{"rendered":"Caf\u00e9 com Agricultores &#8211; Afterwork"},"content":{"rendered":"<p>Participe de uma conversa descontra\u00edda no evento &#8216;Caf\u00e9 com Agricultores&#8217;, organizado pela Smart Agro em Nkomatipark, pr\u00f3ximo \u00e0 portagem de Zintava. Junte-se a agricultores, t\u00e9cnicos e profissionais do agroneg\u00f3cio no dia 30 de setembro de 2026, das 17h00 \u00e0s 19h00, para compartilhar experi\u00eancias e tirar suas d\u00favidas com um extensionista convidado. Este \u00e9 o momento perfeito para ampliar seu conhecimento em um ambiente acolhedor.<\/p>\n<p><a href=\"moz.life\/moztickets\/event\/fordep-forum-de-desenvolvimento-empresarial-e-pessoal-mz\/\" target=\"_blank\" rel=\"noopener\"><img fetchpriority=\"high\" decoding=\"async\" class=\"alignnone wp-image-37661 size-full\" src=\"https:\/\/moz.life\/moztickets\/wp-content\/uploads\/2026\/08\/FORDEP_Banner_1700x4001.jpg\" alt=\"\" width=\"1700\" height=\"400\" srcset=\"https:\/\/moz.life\/moztickets\/wp-content\/uploads\/2026\/08\/FORDEP_Banner_1700x4001.jpg 1700w, https:\/\/moz.life\/moztickets\/wp-content\/uploads\/2026\/08\/FORDEP_Banner_1700x4001-300x71.jpg 300w, https:\/\/moz.life\/moztickets\/wp-content\/uploads\/2026\/08\/FORDEP_Banner_1700x4001-1024x241.jpg 1024w, https:\/\/moz.life\/moztickets\/wp-content\/uploads\/2026\/08\/FORDEP_Banner_1700x4001-768x181.jpg 768w, https:\/\/moz.life\/moztickets\/wp-content\/uploads\/2026\/08\/FORDEP_Banner_1700x4001-1536x361.jpg 1536w, https:\/\/moz.life\/moztickets\/wp-content\/uploads\/2026\/08\/FORDEP_Banner_1700x4001-450x106.jpg 450w\" sizes=\"(max-width: 1700px) 100vw, 1700px\" \/><\/a><\/p>\n<p>&nbsp;<\/p>\n\n    <div class=\"xs_social_share_widget xs_share_url after_content \t\tmain_content  wslu-style-1 wslu-share-box-shaped wslu-fill-colored wslu-none wslu-share-horizontal wslu-theme-font-no wslu-main_content\">\n\n\t\t\n        <ul>\n\t\t\t        <\/ul>\n    <\/div> \n","protected":false},"excerpt":{"rendered":"<p>Viva uma tarde em boa companhia com agricultores e profissionais do agroneg\u00f3cio no &#8216;Caf\u00e9 com Agricultores&#8217; em Nkomatipark. Desfrute de conversas inspiradoras e conex\u00f5es valiosas em um ambiente relaxante.<\/p>\n","protected":false},"author":13,"featured_media":37775,"comment_status":"closed","ping_status":"closed","template":"","meta":{"footnotes":""},"eventcat":[1002],"organizer":[1200],"event_tags":[927],"location":[1201],"class_list":["post-37783","event","type-event","status-publish","has-post-thumbnail","hentry","eventcat-after-work","organizer-smart-agro","event_tags-conferencia","location-marracuene"],"jetpack_sharing_enabled":true,"_links":{"self":[{"href":"https:\/\/moz.life\/moztickets\/wp-json\/wp\/v2\/event\/37783","targetHints":{"allow":["GET"]}}],"collection":[{"href":"https:\/\/moz.life\/moztickets\/wp-json\/wp\/v2\/event"}],"about":[{"href":"https:\/\/moz.life\/moztickets\/wp-json\/wp\/v2\/types\/event"}],"author":[{"embeddable":true,"href":"https:\/\/moz.life\/moztickets\/wp-json\/wp\/v2\/users\/13"}],"replies":[{"embeddable":true,"href":"https:\/\/moz.life\/moztickets\/wp-json\/wp\/v2\/comments?post=37783"}],"version-history":[{"count":1,"href":"https:\/\/moz.life\/moztickets\/wp-json\/wp\/v2\/event\/37783\/revisions"}],"predecessor-version":[{"id":37785,"href":"https:\/\/moz.life\/moztickets\/wp-json\/wp\/v2\/event\/37783\/revisions\/37785"}],"wp:attachment":[{"href":"https:\/\/moz.life\/moztickets\/wp-json\/wp\/v2\/media?parent=37783"}],"wp:term":[{"taxonomy":"eventcat","embeddable":true,"href":"https:\/\/moz.life\/moztickets\/wp-json\/wp\/v2\/eventcat?post=37783"},{"taxonomy":"organizer","embeddable":true,"href":"https:\/\/moz.life\/moztickets\/wp-json\/wp\/v2\/organizer?post=37783"},{"taxonomy":"event_tags","embeddable":true,"href":"https:\/\/moz.life\/moztickets\/wp-json\/wp\/v2\/event_tags?post=37783"},{"taxonomy":"location","embeddable":true,"href":"https:\/\/moz.life\/moztickets\/wp-json\/wp\/v2\/location?post=37783"}],"curies":[{"name":"wp","href":"https:\/\/api.w.org\/{rel}","templated":true}]}}

Café com Agricultores &#8211; Afterwork

<p>Participe de uma conversa descontraída no evento &#8216;Café com Agricultores&#8217;, organizado pela Smart Agro em Nkomatipark, próximo à portagem de Zintava. Junte-se a agricultores, técnicos e profissionais do agronegócio no dia 30 de setembro de 2026, das 17h00 às 19h00, para compartilhar experiências e tirar suas dúvidas com um extensionista convidado. Este é o momento perfeito para ampliar seu conhecimento em um ambiente acolhedor.</p>
<p><a href="moz.life/moztickets/event/fordep-forum-de-desenvolvimento-empresarial-e-pessoal-mz/" target="_blank" rel="noopener"><img fetchpriority="high" decoding="async" class="alignnone wp-image-37661 size-full" src="https://moz.life/moztickets/wp-content/uploads/2026/08/FORDEP_Banner_1700x4001.jpg" alt="" width="1700" height="400" srcset="https://moz.life/moztickets/wp-content/uploads/2026/08/FORDEP_Banner_1700x4001.jpg 1700w, https://moz.life/moztickets/wp-content/uploads/2026/08/FORDEP_Banner_1700x4001-300x71.jpg 300w, https://moz.life/moztickets/wp-content/uploads/2026/08/FORDEP_Banner_1700x4001-1024x241.jpg 1024w, https://moz.life/moztickets/wp-content/uploads/2026/08/FORDEP_Banner_1700x4001-768x181.jpg 768w, https://moz.life/moztickets/wp-content/uploads/2026/08/FORDEP_Banner_1700x4001-1536x361.jpg 1536w, https://moz.life/moztickets/wp-content/uploads/2026/08/FORDEP_Banner_1700x4001-450x106.jpg 450w" sizes="(max-width: 1700px) 100vw, 1700px" /></a></p>
<p>&nbsp;</p>

    <div class="xs_social_share_widget xs_share_url after_content 		main_content  wslu-style-1 wslu-share-box-shaped wslu-fill-colored wslu-none wslu-share-horizontal wslu-theme-font-no wslu-main_content">

		
        <ul>
			        </ul>
    </div>

<p>Viva uma tarde em boa companhia com agricultores e profissionais do agronegócio no &#8216;Café com Agricultores&#8217; em Nkomatipark. Desfrute de conversas inspiradoras e conexões valiosas em um ambiente relaxante.</p>
