{"id":37727,"date":"2026-09-02T00:26:31","date_gmt":"2026-09-01T22:26:31","guid":{"rendered":"https:\/\/moz.life\/moztickets\/?post_type=event&#038;p=37727"},"modified":"2026-09-02T00:40:51","modified_gmt":"2026-09-01T22:40:51","slug":"criar-com-historias","status":"publish","type":"event","link":"https:\/\/moz.life\/moztickets\/event\/criar-com-historias\/","title":{"rendered":"Criar com Hist\u00f3rias"},"content":{"rendered":"<p>A Funda\u00e7\u00e3o Fernando Leite Couto apresenta &#8216;Criar com Hist\u00f3rias&#8217;, um evento infantil enriquecedor que acontecer\u00e1 no dia 5 de setembro de 2026. Selma Santos convida para esta experi\u00eancia \u00fanica com a participa\u00e7\u00e3o especial de Arone Bila, Laura Andrade e Sininho Paco. Uma oportunidade imperd\u00edvel para as crian\u00e7as explorarem o mundo m\u00e1gico das hist\u00f3rias.<\/p>\n<p><a href=\"moz.life\/moztickets\/event\/fordep-forum-de-desenvolvimento-empresarial-e-pessoal-mz\/\" target=\"_blank\" rel=\"noopener\"><img fetchpriority=\"high\" decoding=\"async\" class=\"alignnone wp-image-37661 size-full\" src=\"https:\/\/moz.life\/moztickets\/wp-content\/uploads\/2026\/08\/FORDEP_Banner_1700x4001.jpg\" alt=\"\" width=\"1700\" height=\"400\" srcset=\"https:\/\/moz.life\/moztickets\/wp-content\/uploads\/2026\/08\/FORDEP_Banner_1700x4001.jpg 1700w, https:\/\/moz.life\/moztickets\/wp-content\/uploads\/2026\/08\/FORDEP_Banner_1700x4001-300x71.jpg 300w, https:\/\/moz.life\/moztickets\/wp-content\/uploads\/2026\/08\/FORDEP_Banner_1700x4001-1024x241.jpg 1024w, https:\/\/moz.life\/moztickets\/wp-content\/uploads\/2026\/08\/FORDEP_Banner_1700x4001-768x181.jpg 768w, https:\/\/moz.life\/moztickets\/wp-content\/uploads\/2026\/08\/FORDEP_Banner_1700x4001-1536x361.jpg 1536w, https:\/\/moz.life\/moztickets\/wp-content\/uploads\/2026\/08\/FORDEP_Banner_1700x4001-450x106.jpg 450w\" sizes=\"(max-width: 1700px) 100vw, 1700px\" \/><\/a><\/p>\n\n    <div class=\"xs_social_share_widget xs_share_url after_content \t\tmain_content  wslu-style-1 wslu-share-box-shaped wslu-fill-colored wslu-none wslu-share-horizontal wslu-theme-font-no wslu-main_content\">\n\n\t\t\n        <ul>\n\t\t\t        <\/ul>\n    <\/div> \n","protected":false},"excerpt":{"rendered":"<p>Junte-se a Selma Santos e convidados especiais para &#8216;Criar com Hist\u00f3rias&#8217; na Funda\u00e7\u00e3o Fernando Leite Couto. Uma manh\u00e3 cheia de imagina\u00e7\u00e3o e divers\u00e3o aguarda as crian\u00e7as!<\/p>\n","protected":false},"author":13,"featured_media":37721,"comment_status":"closed","ping_status":"closed","template":"","meta":{"footnotes":""},"eventcat":[37],"organizer":[138],"event_tags":[],"location":[1030],"class_list":["post-37727","event","type-event","status-publish","has-post-thumbnail","hentry","eventcat-crianca","organizer-fundacao-fernando-leite-couto","location-fundacao-fernando-leite-couto"],"jetpack_sharing_enabled":true,"_links":{"self":[{"href":"https:\/\/moz.life\/moztickets\/wp-json\/wp\/v2\/event\/37727","targetHints":{"allow":["GET"]}}],"collection":[{"href":"https:\/\/moz.life\/moztickets\/wp-json\/wp\/v2\/event"}],"about":[{"href":"https:\/\/moz.life\/moztickets\/wp-json\/wp\/v2\/types\/event"}],"author":[{"embeddable":true,"href":"https:\/\/moz.life\/moztickets\/wp-json\/wp\/v2\/users\/13"}],"replies":[{"embeddable":true,"href":"https:\/\/moz.life\/moztickets\/wp-json\/wp\/v2\/comments?post=37727"}],"version-history":[{"count":3,"href":"https:\/\/moz.life\/moztickets\/wp-json\/wp\/v2\/event\/37727\/revisions"}],"predecessor-version":[{"id":37739,"href":"https:\/\/moz.life\/moztickets\/wp-json\/wp\/v2\/event\/37727\/revisions\/37739"}],"wp:attachment":[{"href":"https:\/\/moz.life\/moztickets\/wp-json\/wp\/v2\/media?parent=37727"}],"wp:term":[{"taxonomy":"eventcat","embeddable":true,"href":"https:\/\/moz.life\/moztickets\/wp-json\/wp\/v2\/eventcat?post=37727"},{"taxonomy":"organizer","embeddable":true,"href":"https:\/\/moz.life\/moztickets\/wp-json\/wp\/v2\/organizer?post=37727"},{"taxonomy":"event_tags","embeddable":true,"href":"https:\/\/moz.life\/moztickets\/wp-json\/wp\/v2\/event_tags?post=37727"},{"taxonomy":"location","embeddable":true,"href":"https:\/\/moz.life\/moztickets\/wp-json\/wp\/v2\/location?post=37727"}],"curies":[{"name":"wp","href":"https:\/\/api.w.org\/{rel}","templated":true}]}}

Criar com Histórias

<p>A Fundação Fernando Leite Couto apresenta &#8216;Criar com Histórias&#8217;, um evento infantil enriquecedor que acontecerá no dia 5 de setembro de 2026. Selma Santos convida para esta experiência única com a participação especial de Arone Bila, Laura Andrade e Sininho Paco. Uma oportunidade imperdível para as crianças explorarem o mundo mágico das histórias.</p>
<p><a href="moz.life/moztickets/event/fordep-forum-de-desenvolvimento-empresarial-e-pessoal-mz/" target="_blank" rel="noopener"><img fetchpriority="high" decoding="async" class="alignnone wp-image-37661 size-full" src="https://moz.life/moztickets/wp-content/uploads/2026/08/FORDEP_Banner_1700x4001.jpg" alt="" width="1700" height="400" srcset="https://moz.life/moztickets/wp-content/uploads/2026/08/FORDEP_Banner_1700x4001.jpg 1700w, https://moz.life/moztickets/wp-content/uploads/2026/08/FORDEP_Banner_1700x4001-300x71.jpg 300w, https://moz.life/moztickets/wp-content/uploads/2026/08/FORDEP_Banner_1700x4001-1024x241.jpg 1024w, https://moz.life/moztickets/wp-content/uploads/2026/08/FORDEP_Banner_1700x4001-768x181.jpg 768w, https://moz.life/moztickets/wp-content/uploads/2026/08/FORDEP_Banner_1700x4001-1536x361.jpg 1536w, https://moz.life/moztickets/wp-content/uploads/2026/08/FORDEP_Banner_1700x4001-450x106.jpg 450w" sizes="(max-width: 1700px) 100vw, 1700px" /></a></p>

    <div class="xs_social_share_widget xs_share_url after_content 		main_content  wslu-style-1 wslu-share-box-shaped wslu-fill-colored wslu-none wslu-share-horizontal wslu-theme-font-no wslu-main_content">

		
        <ul>
			        </ul>
    </div>

<p>Junte-se a Selma Santos e convidados especiais para &#8216;Criar com Histórias&#8217; na Fundação Fernando Leite Couto. Uma manhã cheia de imaginação e diversão aguarda as crianças!</p>
