{"id":37697,"date":"2026-08-31T22:30:46","date_gmt":"2026-08-31T20:30:46","guid":{"rendered":"https:\/\/moz.life\/moztickets\/?post_type=event&#038;p=37697"},"modified":"2026-08-31T22:30:46","modified_gmt":"2026-08-31T20:30:46","slug":"nikolas-goza-apresenta-uchapupu-no-gil-vicente-cafe-bar","status":"publish","type":"event","link":"https:\/\/moz.life\/moztickets\/event\/nikolas-goza-apresenta-uchapupu-no-gil-vicente-cafe-bar\/","title":{"rendered":"Nikolas Goza apresenta: Uchapupu no Gil Vicente Caf\u00e9 Bar"},"content":{"rendered":"<p>No dia 24 de setembro de 2026, o vibrante Gil Vicente Caf\u00e9 Bar ser\u00e1 palco de uma noite inesquec\u00edvel com Nikolas Goza e convidados. Preparado para emocionar, Nikolas traz a ess\u00eancia da sua m\u00fasica ao vivo, prometendo uma experi\u00eancia que ressoar\u00e1 profundamente com os presentes. N\u00e3o perca a oportunidade de ver este artista cativante em a\u00e7\u00e3o, enquanto a noite se enche de ritmos envolventes e melodias que tocam a alma.<\/p>\n<p><a href=\"moz.life\/moztickets\/event\/fordep-forum-de-desenvolvimento-empresarial-e-pessoal-mz\/\" target=\"_blank\" rel=\"noopener\"><img fetchpriority=\"high\" decoding=\"async\" class=\"alignnone wp-image-37661 size-full\" src=\"https:\/\/moz.life\/moztickets\/wp-content\/uploads\/2026\/08\/FORDEP_Banner_1700x4001.jpg\" alt=\"\" width=\"1700\" height=\"400\" srcset=\"https:\/\/moz.life\/moztickets\/wp-content\/uploads\/2026\/08\/FORDEP_Banner_1700x4001.jpg 1700w, https:\/\/moz.life\/moztickets\/wp-content\/uploads\/2026\/08\/FORDEP_Banner_1700x4001-300x71.jpg 300w, https:\/\/moz.life\/moztickets\/wp-content\/uploads\/2026\/08\/FORDEP_Banner_1700x4001-1024x241.jpg 1024w, https:\/\/moz.life\/moztickets\/wp-content\/uploads\/2026\/08\/FORDEP_Banner_1700x4001-768x181.jpg 768w, https:\/\/moz.life\/moztickets\/wp-content\/uploads\/2026\/08\/FORDEP_Banner_1700x4001-1536x361.jpg 1536w, https:\/\/moz.life\/moztickets\/wp-content\/uploads\/2026\/08\/FORDEP_Banner_1700x4001-450x106.jpg 450w\" sizes=\"(max-width: 1700px) 100vw, 1700px\" \/><\/a><\/p>\n\n    <div class=\"xs_social_share_widget xs_share_url after_content \t\tmain_content  wslu-style-1 wslu-share-box-shaped wslu-fill-colored wslu-none wslu-share-horizontal wslu-theme-font-no wslu-main_content\">\n\n\t\t\n        <ul>\n\t\t\t        <\/ul>\n    <\/div> \n","protected":false},"excerpt":{"rendered":"<p>Participa numa noite cativante com Nikolas Goza e convidados no Gil Vicente Caf\u00e9 Bar. Deixa-te envolver pelos ritmos e melodias que v\u00e3o aquecer a alma e criar mem\u00f3rias duradouras.<\/p>\n","protected":false},"author":13,"featured_media":37685,"comment_status":"closed","ping_status":"closed","template":"","meta":{"footnotes":""},"eventcat":[672],"organizer":[274],"event_tags":[278],"location":[1092],"class_list":["post-37697","event","type-event","status-publish","has-post-thumbnail","hentry","eventcat-concertos","organizer-gil-vicente-cafe-bar","event_tags-gil-vicente-cafe-bar","location-gil-vicente-cafe-bar"],"jetpack_sharing_enabled":true,"_links":{"self":[{"href":"https:\/\/moz.life\/moztickets\/wp-json\/wp\/v2\/event\/37697","targetHints":{"allow":["GET"]}}],"collection":[{"href":"https:\/\/moz.life\/moztickets\/wp-json\/wp\/v2\/event"}],"about":[{"href":"https:\/\/moz.life\/moztickets\/wp-json\/wp\/v2\/types\/event"}],"author":[{"embeddable":true,"href":"https:\/\/moz.life\/moztickets\/wp-json\/wp\/v2\/users\/13"}],"replies":[{"embeddable":true,"href":"https:\/\/moz.life\/moztickets\/wp-json\/wp\/v2\/comments?post=37697"}],"version-history":[{"count":1,"href":"https:\/\/moz.life\/moztickets\/wp-json\/wp\/v2\/event\/37697\/revisions"}],"predecessor-version":[{"id":37699,"href":"https:\/\/moz.life\/moztickets\/wp-json\/wp\/v2\/event\/37697\/revisions\/37699"}],"wp:attachment":[{"href":"https:\/\/moz.life\/moztickets\/wp-json\/wp\/v2\/media?parent=37697"}],"wp:term":[{"taxonomy":"eventcat","embeddable":true,"href":"https:\/\/moz.life\/moztickets\/wp-json\/wp\/v2\/eventcat?post=37697"},{"taxonomy":"organizer","embeddable":true,"href":"https:\/\/moz.life\/moztickets\/wp-json\/wp\/v2\/organizer?post=37697"},{"taxonomy":"event_tags","embeddable":true,"href":"https:\/\/moz.life\/moztickets\/wp-json\/wp\/v2\/event_tags?post=37697"},{"taxonomy":"location","embeddable":true,"href":"https:\/\/moz.life\/moztickets\/wp-json\/wp\/v2\/location?post=37697"}],"curies":[{"name":"wp","href":"https:\/\/api.w.org\/{rel}","templated":true}]}}

Nikolas Goza apresenta: Uchapupu no Gil Vicente Café Bar

<p>No dia 24 de setembro de 2026, o vibrante Gil Vicente Café Bar será palco de uma noite inesquecível com Nikolas Goza e convidados. Preparado para emocionar, Nikolas traz a essência da sua música ao vivo, prometendo uma experiência que ressoará profundamente com os presentes. Não perca a oportunidade de ver este artista cativante em ação, enquanto a noite se enche de ritmos envolventes e melodias que tocam a alma.</p>
<p><a href="moz.life/moztickets/event/fordep-forum-de-desenvolvimento-empresarial-e-pessoal-mz/" target="_blank" rel="noopener"><img fetchpriority="high" decoding="async" class="alignnone wp-image-37661 size-full" src="https://moz.life/moztickets/wp-content/uploads/2026/08/FORDEP_Banner_1700x4001.jpg" alt="" width="1700" height="400" srcset="https://moz.life/moztickets/wp-content/uploads/2026/08/FORDEP_Banner_1700x4001.jpg 1700w, https://moz.life/moztickets/wp-content/uploads/2026/08/FORDEP_Banner_1700x4001-300x71.jpg 300w, https://moz.life/moztickets/wp-content/uploads/2026/08/FORDEP_Banner_1700x4001-1024x241.jpg 1024w, https://moz.life/moztickets/wp-content/uploads/2026/08/FORDEP_Banner_1700x4001-768x181.jpg 768w, https://moz.life/moztickets/wp-content/uploads/2026/08/FORDEP_Banner_1700x4001-1536x361.jpg 1536w, https://moz.life/moztickets/wp-content/uploads/2026/08/FORDEP_Banner_1700x4001-450x106.jpg 450w" sizes="(max-width: 1700px) 100vw, 1700px" /></a></p>

    <div class="xs_social_share_widget xs_share_url after_content 		main_content  wslu-style-1 wslu-share-box-shaped wslu-fill-colored wslu-none wslu-share-horizontal wslu-theme-font-no wslu-main_content">

		
        <ul>
			        </ul>
    </div>

<p>Participa numa noite cativante com Nikolas Goza e convidados no Gil Vicente Café Bar. Deixa-te envolver pelos ritmos e melodias que vão aquecer a alma e criar memórias duradouras.</p>
