{"id":37687,"date":"2026-08-31T22:17:06","date_gmt":"2026-08-31T20:17:06","guid":{"rendered":"https:\/\/moz.life\/moztickets\/?post_type=event&#038;p=37687"},"modified":"2026-08-31T22:17:06","modified_gmt":"2026-08-31T20:17:06","slug":"afromoment-festa-de-celebracao-dos-10-anos-da-16neto","status":"publish","type":"event","link":"https:\/\/moz.life\/moztickets\/event\/afromoment-festa-de-celebracao-dos-10-anos-da-16neto\/","title":{"rendered":"AFROMOMENT: Festa de Celebra\u00e7\u00e3o dos 10 Anos da 16Neto"},"content":{"rendered":"<p>Junte-se \u00e0 festa de celebra\u00e7\u00e3o dos 10 anos da 16Neto no Afromoment! Um encontro vibrante que promete encher a noite de m\u00fasica e cultura na 16Neto. N\u00e3o perca esta oportunidade de celebrar uma d\u00e9cada de criatividade e inova\u00e7\u00e3o com performances \u00fanicas e uma atmosfera acolhedora.<\/p>\n<p><a href=\"moz.life\/moztickets\/event\/fordep-forum-de-desenvolvimento-empresarial-e-pessoal-mz\/\" target=\"_blank\" rel=\"noopener\"><img fetchpriority=\"high\" decoding=\"async\" class=\"alignnone wp-image-37661 size-full\" src=\"https:\/\/moz.life\/moztickets\/wp-content\/uploads\/2026\/08\/FORDEP_Banner_1700x4001.jpg\" alt=\"\" width=\"1700\" height=\"400\" srcset=\"https:\/\/moz.life\/moztickets\/wp-content\/uploads\/2026\/08\/FORDEP_Banner_1700x4001.jpg 1700w, https:\/\/moz.life\/moztickets\/wp-content\/uploads\/2026\/08\/FORDEP_Banner_1700x4001-300x71.jpg 300w, https:\/\/moz.life\/moztickets\/wp-content\/uploads\/2026\/08\/FORDEP_Banner_1700x4001-1024x241.jpg 1024w, https:\/\/moz.life\/moztickets\/wp-content\/uploads\/2026\/08\/FORDEP_Banner_1700x4001-768x181.jpg 768w, https:\/\/moz.life\/moztickets\/wp-content\/uploads\/2026\/08\/FORDEP_Banner_1700x4001-1536x361.jpg 1536w, https:\/\/moz.life\/moztickets\/wp-content\/uploads\/2026\/08\/FORDEP_Banner_1700x4001-450x106.jpg 450w\" sizes=\"(max-width: 1700px) 100vw, 1700px\" \/><\/a><\/p>\n\n    <div class=\"xs_social_share_widget xs_share_url after_content \t\tmain_content  wslu-style-1 wslu-share-box-shaped wslu-fill-colored wslu-none wslu-share-horizontal wslu-theme-font-no wslu-main_content\">\n\n\t\t\n        <ul>\n\t\t\t        <\/ul>\n    <\/div> \n","protected":false},"excerpt":{"rendered":"<p>Celebre 10 anos de criatividade no Afromoment! Descubra uma noite cheia de energia e cultura na 16Neto. Junte-se \u00e0 comemora\u00e7\u00e3o vibrante!<\/p>\n","protected":false},"author":13,"featured_media":37679,"comment_status":"closed","ping_status":"closed","template":"","meta":{"footnotes":""},"eventcat":[672],"organizer":[139],"event_tags":[198,154],"location":[1043],"class_list":["post-37687","event","type-event","status-publish","has-post-thumbnail","hentry","eventcat-concertos","organizer-16-neto","event_tags-16neto","event_tags-concerto","location-16neto-cultural-space"],"jetpack_sharing_enabled":true,"_links":{"self":[{"href":"https:\/\/moz.life\/moztickets\/wp-json\/wp\/v2\/event\/37687","targetHints":{"allow":["GET"]}}],"collection":[{"href":"https:\/\/moz.life\/moztickets\/wp-json\/wp\/v2\/event"}],"about":[{"href":"https:\/\/moz.life\/moztickets\/wp-json\/wp\/v2\/types\/event"}],"author":[{"embeddable":true,"href":"https:\/\/moz.life\/moztickets\/wp-json\/wp\/v2\/users\/13"}],"replies":[{"embeddable":true,"href":"https:\/\/moz.life\/moztickets\/wp-json\/wp\/v2\/comments?post=37687"}],"version-history":[{"count":1,"href":"https:\/\/moz.life\/moztickets\/wp-json\/wp\/v2\/event\/37687\/revisions"}],"predecessor-version":[{"id":37689,"href":"https:\/\/moz.life\/moztickets\/wp-json\/wp\/v2\/event\/37687\/revisions\/37689"}],"wp:attachment":[{"href":"https:\/\/moz.life\/moztickets\/wp-json\/wp\/v2\/media?parent=37687"}],"wp:term":[{"taxonomy":"eventcat","embeddable":true,"href":"https:\/\/moz.life\/moztickets\/wp-json\/wp\/v2\/eventcat?post=37687"},{"taxonomy":"organizer","embeddable":true,"href":"https:\/\/moz.life\/moztickets\/wp-json\/wp\/v2\/organizer?post=37687"},{"taxonomy":"event_tags","embeddable":true,"href":"https:\/\/moz.life\/moztickets\/wp-json\/wp\/v2\/event_tags?post=37687"},{"taxonomy":"location","embeddable":true,"href":"https:\/\/moz.life\/moztickets\/wp-json\/wp\/v2\/location?post=37687"}],"curies":[{"name":"wp","href":"https:\/\/api.w.org\/{rel}","templated":true}]}}

AFROMOMENT: Festa de Celebração dos 10 Anos da 16Neto

<p>Junte-se à festa de celebração dos 10 anos da 16Neto no Afromoment! Um encontro vibrante que promete encher a noite de música e cultura na 16Neto. Não perca esta oportunidade de celebrar uma década de criatividade e inovação com performances únicas e uma atmosfera acolhedora.</p>
<p><a href="moz.life/moztickets/event/fordep-forum-de-desenvolvimento-empresarial-e-pessoal-mz/" target="_blank" rel="noopener"><img fetchpriority="high" decoding="async" class="alignnone wp-image-37661 size-full" src="https://moz.life/moztickets/wp-content/uploads/2026/08/FORDEP_Banner_1700x4001.jpg" alt="" width="1700" height="400" srcset="https://moz.life/moztickets/wp-content/uploads/2026/08/FORDEP_Banner_1700x4001.jpg 1700w, https://moz.life/moztickets/wp-content/uploads/2026/08/FORDEP_Banner_1700x4001-300x71.jpg 300w, https://moz.life/moztickets/wp-content/uploads/2026/08/FORDEP_Banner_1700x4001-1024x241.jpg 1024w, https://moz.life/moztickets/wp-content/uploads/2026/08/FORDEP_Banner_1700x4001-768x181.jpg 768w, https://moz.life/moztickets/wp-content/uploads/2026/08/FORDEP_Banner_1700x4001-1536x361.jpg 1536w, https://moz.life/moztickets/wp-content/uploads/2026/08/FORDEP_Banner_1700x4001-450x106.jpg 450w" sizes="(max-width: 1700px) 100vw, 1700px" /></a></p>

    <div class="xs_social_share_widget xs_share_url after_content 		main_content  wslu-style-1 wslu-share-box-shaped wslu-fill-colored wslu-none wslu-share-horizontal wslu-theme-font-no wslu-main_content">

		
        <ul>
			        </ul>
    </div>

<p>Celebre 10 anos de criatividade no Afromoment! Descubra uma noite cheia de energia e cultura na 16Neto. Junte-se à comemoração vibrante!</p>
