{"id":33425,"date":"2026-04-23T15:27:56","date_gmt":"2026-04-23T13:27:56","guid":{"rendered":"https:\/\/moz.life\/moztickets\/?post_type=event&#038;p=33425"},"modified":"2026-04-23T15:28:41","modified_gmt":"2026-04-23T13:28:41","slug":"dia-da-terra-acao-de-limpeza","status":"publish","type":"event","link":"https:\/\/moz.life\/moztickets\/event\/dia-da-terra-acao-de-limpeza\/","title":{"rendered":"Dia da Terra | A\u00e7\u00e3o de Limpeza"},"content":{"rendered":"<p data-start=\"68\" data-end=\"106\"><strong data-start=\"68\" data-end=\"84\">Data e hora:<\/strong> 25 de Abril | 07h00<\/p>\n<p data-start=\"231\" data-end=\"443\">Neste s\u00e1bado, 25 de Abril, transforme o seu apre\u00e7o pelo planeta em a\u00e7\u00e3o! Em celebra\u00e7\u00e3o ao Dia da Terra, empresas, institui\u00e7\u00f5es, jovens e toda a sociedade est\u00e3o convidados a participar numa grande A\u00e7\u00e3o de Limpeza.<\/p>\n<p data-start=\"445\" data-end=\"682\">A iniciativa ter\u00e1 lugar na Praia da Costa do Sol e tem como objetivo promover a consci\u00eancia ambiental e a responsabilidade coletiva na prote\u00e7\u00e3o da nossa costa. Pequenos gestos geram grandes mudan\u00e7as, e a sua participa\u00e7\u00e3o faz a diferen\u00e7a.<\/p>\n<p data-start=\"684\" data-end=\"711\">Por favor, venha preparado:<\/p>\n<ul data-start=\"712\" data-end=\"801\">\n<li data-section-id=\"x7z4b3\" data-start=\"712\" data-end=\"731\">Um par de luvas<\/li>\n<li data-section-id=\"14jirx8\" data-start=\"732\" data-end=\"768\">Uma garrafa de \u00e1gua reutiliz\u00e1vel<\/li>\n<li data-section-id=\"13trbft\" data-start=\"769\" data-end=\"790\">Cal\u00e7ados fechados<\/li>\n<li data-section-id=\"1ys7wa6\" data-start=\"791\" data-end=\"801\">Chap\u00e9u<\/li>\n<\/ul>\n<p data-start=\"803\" data-end=\"870\">Vamos manter as nossas praias limpas e os nossos oceanos saud\u00e1veis!<\/p>\n<div id=\"attachment_33361\" style=\"width: 1711px\" class=\"wp-caption alignnone\"><a href=\"http:\/\/mz.view-sport.xyz\/livegrid?locale=pt\" target=\"_blank\" rel=\"noopener\"><img fetchpriority=\"high\" decoding=\"async\" aria-describedby=\"caption-attachment-33361\" class=\"wp-image-33361 size-full\" src=\"https:\/\/moz.life\/moztickets\/wp-content\/uploads\/2026\/04\/IMG_8879.png\" alt=\"\" width=\"1701\" height=\"401\" srcset=\"https:\/\/moz.life\/moztickets\/wp-content\/uploads\/2026\/04\/IMG_8879.png 1701w, https:\/\/moz.life\/moztickets\/wp-content\/uploads\/2026\/04\/IMG_8879-300x71.png 300w, https:\/\/moz.life\/moztickets\/wp-content\/uploads\/2026\/04\/IMG_8879-1024x241.png 1024w, https:\/\/moz.life\/moztickets\/wp-content\/uploads\/2026\/04\/IMG_8879-768x181.png 768w, https:\/\/moz.life\/moztickets\/wp-content\/uploads\/2026\/04\/IMG_8879-1536x362.png 1536w, https:\/\/moz.life\/moztickets\/wp-content\/uploads\/2026\/04\/IMG_8879-450x106.png 450w\" sizes=\"(max-width: 1701px) 100vw, 1701px\" \/><\/a><p id=\"caption-attachment-33361\" class=\"wp-caption-text\">Submeta os seus an\u00fancios online em 4 etapas simples \u2014 com pr\u00e9-visualiza\u00e7\u00e3o imediata, estat\u00edsticas em tempo real e pre\u00e7os a partir de 1000 MZN: https:\/\/moz.life\/publicidade-no-mozlife\/<\/p><\/div>\n<p data-start=\"914\" data-end=\"977\">\n\n    <div class=\"xs_social_share_widget xs_share_url after_content \t\tmain_content  wslu-style-1 wslu-share-box-shaped wslu-fill-colored wslu-none wslu-share-horizontal wslu-theme-font-no wslu-main_content\">\n\n\t\t\n        <ul>\n\t\t\t        <\/ul>\n    <\/div> \n","protected":false},"excerpt":{"rendered":"<p>Neste s\u00e1bado, 25 de Abril, transforme o seu apre\u00e7o pelo planeta em a\u00e7\u00e3o! Em celebra\u00e7\u00e3o ao Dia da Terra, empresas, institui\u00e7\u00f5es, jovens e toda a sociedade est\u00e3o convidados a participar numa grande A\u00e7\u00e3o de Limpeza.<\/p>\n","protected":false},"author":13,"featured_media":33427,"comment_status":"closed","ping_status":"closed","template":"","meta":{"footnotes":""},"eventcat":[622],"organizer":[],"event_tags":[986,154,1010],"location":[1071],"class_list":["post-33425","event","type-event","status-publish","has-post-thumbnail","hentry","eventcat-outros","event_tags-coconuts","event_tags-concerto","event_tags-the-black-mamba","location-praia-da-costa-do-sol"],"jetpack_sharing_enabled":true,"_links":{"self":[{"href":"https:\/\/moz.life\/moztickets\/wp-json\/wp\/v2\/event\/33425","targetHints":{"allow":["GET"]}}],"collection":[{"href":"https:\/\/moz.life\/moztickets\/wp-json\/wp\/v2\/event"}],"about":[{"href":"https:\/\/moz.life\/moztickets\/wp-json\/wp\/v2\/types\/event"}],"author":[{"embeddable":true,"href":"https:\/\/moz.life\/moztickets\/wp-json\/wp\/v2\/users\/13"}],"replies":[{"embeddable":true,"href":"https:\/\/moz.life\/moztickets\/wp-json\/wp\/v2\/comments?post=33425"}],"version-history":[{"count":2,"href":"https:\/\/moz.life\/moztickets\/wp-json\/wp\/v2\/event\/33425\/revisions"}],"predecessor-version":[{"id":33429,"href":"https:\/\/moz.life\/moztickets\/wp-json\/wp\/v2\/event\/33425\/revisions\/33429"}],"wp:featuredmedia":[{"embeddable":true,"href":"https:\/\/moz.life\/moztickets\/wp-json\/wp\/v2\/media\/33427"}],"wp:attachment":[{"href":"https:\/\/moz.life\/moztickets\/wp-json\/wp\/v2\/media?parent=33425"}],"wp:term":[{"taxonomy":"eventcat","embeddable":true,"href":"https:\/\/moz.life\/moztickets\/wp-json\/wp\/v2\/eventcat?post=33425"},{"taxonomy":"organizer","embeddable":true,"href":"https:\/\/moz.life\/moztickets\/wp-json\/wp\/v2\/organizer?post=33425"},{"taxonomy":"event_tags","embeddable":true,"href":"https:\/\/moz.life\/moztickets\/wp-json\/wp\/v2\/event_tags?post=33425"},{"taxonomy":"location","embeddable":true,"href":"https:\/\/moz.life\/moztickets\/wp-json\/wp\/v2\/location?post=33425"}],"curies":[{"name":"wp","href":"https:\/\/api.w.org\/{rel}","templated":true}]}}

Dia da Terra | Ação de Limpeza

<p data-start="68" data-end="106"><strong data-start="68" data-end="84">Data e hora:</strong> 25 de Abril | 07h00</p>
<p data-start="231" data-end="443">Neste sábado, 25 de Abril, transforme o seu apreço pelo planeta em ação! Em celebração ao Dia da Terra, empresas, instituições, jovens e toda a sociedade estão convidados a participar numa grande Ação de Limpeza.</p>
<p data-start="445" data-end="682">A iniciativa terá lugar na Praia da Costa do Sol e tem como objetivo promover a consciência ambiental e a responsabilidade coletiva na proteção da nossa costa. Pequenos gestos geram grandes mudanças, e a sua participação faz a diferença.</p>
<p data-start="684" data-end="711">Por favor, venha preparado:</p>
<ul data-start="712" data-end="801">
<li data-section-id="x7z4b3" data-start="712" data-end="731">Um par de luvas</li>
<li data-section-id="14jirx8" data-start="732" data-end="768">Uma garrafa de água reutilizável</li>
<li data-section-id="13trbft" data-start="769" data-end="790">Calçados fechados</li>
<li data-section-id="1ys7wa6" data-start="791" data-end="801">Chapéu</li>
</ul>
<p data-start="803" data-end="870">Vamos manter as nossas praias limpas e os nossos oceanos saudáveis!</p>
<div id="attachment_33361" style="width: 1711px" class="wp-caption alignnone"><a href="http://mz.view-sport.xyz/livegrid?locale=pt" target="_blank" rel="noopener"><img fetchpriority="high" decoding="async" aria-describedby="caption-attachment-33361" class="wp-image-33361 size-full" src="https://moz.life/moztickets/wp-content/uploads/2026/04/IMG_8879.png" alt="" width="1701" height="401" srcset="https://moz.life/moztickets/wp-content/uploads/2026/04/IMG_8879.png 1701w, https://moz.life/moztickets/wp-content/uploads/2026/04/IMG_8879-300x71.png 300w, https://moz.life/moztickets/wp-content/uploads/2026/04/IMG_8879-1024x241.png 1024w, https://moz.life/moztickets/wp-content/uploads/2026/04/IMG_8879-768x181.png 768w, https://moz.life/moztickets/wp-content/uploads/2026/04/IMG_8879-1536x362.png 1536w, https://moz.life/moztickets/wp-content/uploads/2026/04/IMG_8879-450x106.png 450w" sizes="(max-width: 1701px) 100vw, 1701px" /></a><p id="caption-attachment-33361" class="wp-caption-text">Submeta os seus anúncios online em 4 etapas simples — com pré-visualização imediata, estatísticas em tempo real e preços a partir de 1000 MZN: https://moz.life/publicidade-no-mozlife/</p></div>
<p data-start="914" data-end="977">

    <div class="xs_social_share_widget xs_share_url after_content 		main_content  wslu-style-1 wslu-share-box-shaped wslu-fill-colored wslu-none wslu-share-horizontal wslu-theme-font-no wslu-main_content">

		
        <ul>
			        </ul>
    </div>

<p>Neste sábado, 25 de Abril, transforme o seu apreço pelo planeta em ação! Em celebração ao Dia da Terra, empresas, instituições, jovens e toda a sociedade estão convidados a participar numa grande Ação de Limpeza.</p>
