{"id":32772,"date":"2026-03-30T15:29:40","date_gmt":"2026-03-30T13:29:40","guid":{"rendered":"https:\/\/moz.life\/moztickets\/?post_type=event&#038;p=32772"},"modified":"2026-04-23T15:37:35","modified_gmt":"2026-04-23T13:37:35","slug":"musica-bongeziwe-mabandla-em-concerto","status":"publish","type":"event","link":"https:\/\/moz.life\/moztickets\/event\/musica-bongeziwe-mabandla-em-concerto\/","title":{"rendered":"M\u00fasica | Bongeziwe Mabandla em concerto"},"content":{"rendered":"<p data-start=\"54\" data-end=\"213\">O Centro Cultural Franco-Mo\u00e7ambicano (CCFM) recebe uma noite especial com o regresso ao palco de <strong data-start=\"151\" data-end=\"173\">Bongeziwe Mabandla<\/strong>, para o lan\u00e7amento do seu novo \u00e1lbum.<\/p>\n<p data-start=\"215\" data-end=\"333\">Um novo cap\u00edtulo na sua carreira \u2014 mais ousado, mais profundo, inspirado na sua heran\u00e7a e na liga\u00e7\u00e3o aos ancestrais.<\/p>\n<p data-start=\"335\" data-end=\"408\">\ud83d\udd25 Uma viagem musical \u00fanica entre \u00c1frica do Sul, Botswana e Mo\u00e7ambique.<\/p>\n<p data-start=\"410\" data-end=\"477\">\ud83c\udfa4 Em palco, acompanhado por Tiago Correia-Paulo e Bruno Saranga.<\/p>\n<p data-start=\"479\" data-end=\"540\">\ud83d\udcc5 Quinta-feira, 14 de Maio<br data-start=\"506\" data-end=\"509\" \/>\u23f0 20H<br data-start=\"514\" data-end=\"517\" \/>\ud83d\udccd Sala Grande \u2013 CCFM<\/p>\n<p data-start=\"542\" data-end=\"595\">Uma experi\u00eancia rara.<br data-start=\"563\" data-end=\"566\" \/>Uma voz que n\u00e3o se esquece.<\/p>\n<p data-start=\"597\" data-end=\"612\" data-is-last-node=\"\" data-is-only-node=\"\"><strong data-start=\"597\" data-end=\"612\" data-is-last-node=\"\">N\u00e3o percas.<\/strong><\/p>\n<div id=\"attachment_33361\" style=\"width: 1711px\" class=\"wp-caption alignnone\"><a href=\"http:\/\/mz.view-sport.xyz\/livegrid?locale=pt\" target=\"_blank\" rel=\"noopener\"><img fetchpriority=\"high\" decoding=\"async\" aria-describedby=\"caption-attachment-33361\" class=\"wp-image-33361 size-full\" src=\"https:\/\/moz.life\/moztickets\/wp-content\/uploads\/2026\/04\/IMG_8879.png\" alt=\"\" width=\"1701\" height=\"401\" srcset=\"https:\/\/moz.life\/moztickets\/wp-content\/uploads\/2026\/04\/IMG_8879.png 1701w, https:\/\/moz.life\/moztickets\/wp-content\/uploads\/2026\/04\/IMG_8879-300x71.png 300w, https:\/\/moz.life\/moztickets\/wp-content\/uploads\/2026\/04\/IMG_8879-1024x241.png 1024w, https:\/\/moz.life\/moztickets\/wp-content\/uploads\/2026\/04\/IMG_8879-768x181.png 768w, https:\/\/moz.life\/moztickets\/wp-content\/uploads\/2026\/04\/IMG_8879-1536x362.png 1536w, https:\/\/moz.life\/moztickets\/wp-content\/uploads\/2026\/04\/IMG_8879-450x106.png 450w\" sizes=\"(max-width: 1701px) 100vw, 1701px\" \/><\/a><p id=\"caption-attachment-33361\" class=\"wp-caption-text\">Submeta os seus an\u00fancios online em 4 etapas simples \u2014 com pr\u00e9-visualiza\u00e7\u00e3o imediata, estat\u00edsticas em tempo real e pre\u00e7os a partir de 1000 MZN: https:\/\/moz.life\/publicidade-no-mozlife\/<\/p><\/div>\n\n    <div class=\"xs_social_share_widget xs_share_url after_content \t\tmain_content  wslu-style-1 wslu-share-box-shaped wslu-fill-colored wslu-none wslu-share-horizontal wslu-theme-font-no wslu-main_content\">\n\n\t\t\n        <ul>\n\t\t\t        <\/ul>\n    <\/div> \n","protected":false},"excerpt":{"rendered":"<p>Este novo trabalho discogr\u00e1fico marca um novo cap\u00edtulo na sua carreira: ousado e intencional, inspirado na sua heran\u00e7a, no respeito pelos ancestrais e na constante explora\u00e7\u00e3o da sua identidade.<\/p>\n","protected":false},"author":13,"featured_media":33430,"comment_status":"closed","ping_status":"closed","template":"","meta":{"footnotes":""},"eventcat":[672],"organizer":[140],"event_tags":[299,986,271,1010],"location":[1051],"class_list":["post-32772","event","type-event","status-publish","has-post-thumbnail","hentry","eventcat-concertos","organizer-centro-cultural-franco-mocambicano","event_tags-centro-cultural-franco-mocambicano","event_tags-coconuts","event_tags-galeria","event_tags-the-black-mamba","location-centro-cultural-franco-mocambicano-2"],"jetpack_sharing_enabled":true,"_links":{"self":[{"href":"https:\/\/moz.life\/moztickets\/wp-json\/wp\/v2\/event\/32772","targetHints":{"allow":["GET"]}}],"collection":[{"href":"https:\/\/moz.life\/moztickets\/wp-json\/wp\/v2\/event"}],"about":[{"href":"https:\/\/moz.life\/moztickets\/wp-json\/wp\/v2\/types\/event"}],"author":[{"embeddable":true,"href":"https:\/\/moz.life\/moztickets\/wp-json\/wp\/v2\/users\/13"}],"replies":[{"embeddable":true,"href":"https:\/\/moz.life\/moztickets\/wp-json\/wp\/v2\/comments?post=32772"}],"version-history":[{"count":5,"href":"https:\/\/moz.life\/moztickets\/wp-json\/wp\/v2\/event\/32772\/revisions"}],"predecessor-version":[{"id":33431,"href":"https:\/\/moz.life\/moztickets\/wp-json\/wp\/v2\/event\/32772\/revisions\/33431"}],"wp:featuredmedia":[{"embeddable":true,"href":"https:\/\/moz.life\/moztickets\/wp-json\/wp\/v2\/media\/33430"}],"wp:attachment":[{"href":"https:\/\/moz.life\/moztickets\/wp-json\/wp\/v2\/media?parent=32772"}],"wp:term":[{"taxonomy":"eventcat","embeddable":true,"href":"https:\/\/moz.life\/moztickets\/wp-json\/wp\/v2\/eventcat?post=32772"},{"taxonomy":"organizer","embeddable":true,"href":"https:\/\/moz.life\/moztickets\/wp-json\/wp\/v2\/organizer?post=32772"},{"taxonomy":"event_tags","embeddable":true,"href":"https:\/\/moz.life\/moztickets\/wp-json\/wp\/v2\/event_tags?post=32772"},{"taxonomy":"location","embeddable":true,"href":"https:\/\/moz.life\/moztickets\/wp-json\/wp\/v2\/location?post=32772"}],"curies":[{"name":"wp","href":"https:\/\/api.w.org\/{rel}","templated":true}]}}

Música | Bongeziwe Mabandla em concerto

<p data-start="54" data-end="213">O Centro Cultural Franco-Moçambicano (CCFM) recebe uma noite especial com o regresso ao palco de <strong data-start="151" data-end="173">Bongeziwe Mabandla</strong>, para o lançamento do seu novo álbum.</p>
<p data-start="215" data-end="333">Um novo capítulo na sua carreira — mais ousado, mais profundo, inspirado na sua herança e na ligação aos ancestrais.</p>
<p data-start="335" data-end="408">🔥 Uma viagem musical única entre África do Sul, Botswana e Moçambique.</p>
<p data-start="410" data-end="477">🎤 Em palco, acompanhado por Tiago Correia-Paulo e Bruno Saranga.</p>
<p data-start="479" data-end="540">📅 Quinta-feira, 14 de Maio<br data-start="506" data-end="509" />⏰ 20H<br data-start="514" data-end="517" />📍 Sala Grande – CCFM</p>
<p data-start="542" data-end="595">Uma experiência rara.<br data-start="563" data-end="566" />Uma voz que não se esquece.</p>
<p data-start="597" data-end="612" data-is-last-node="" data-is-only-node=""><strong data-start="597" data-end="612" data-is-last-node="">Não percas.</strong></p>
<div id="attachment_33361" style="width: 1711px" class="wp-caption alignnone"><a href="http://mz.view-sport.xyz/livegrid?locale=pt" target="_blank" rel="noopener"><img fetchpriority="high" decoding="async" aria-describedby="caption-attachment-33361" class="wp-image-33361 size-full" src="https://moz.life/moztickets/wp-content/uploads/2026/04/IMG_8879.png" alt="" width="1701" height="401" srcset="https://moz.life/moztickets/wp-content/uploads/2026/04/IMG_8879.png 1701w, https://moz.life/moztickets/wp-content/uploads/2026/04/IMG_8879-300x71.png 300w, https://moz.life/moztickets/wp-content/uploads/2026/04/IMG_8879-1024x241.png 1024w, https://moz.life/moztickets/wp-content/uploads/2026/04/IMG_8879-768x181.png 768w, https://moz.life/moztickets/wp-content/uploads/2026/04/IMG_8879-1536x362.png 1536w, https://moz.life/moztickets/wp-content/uploads/2026/04/IMG_8879-450x106.png 450w" sizes="(max-width: 1701px) 100vw, 1701px" /></a><p id="caption-attachment-33361" class="wp-caption-text">Submeta os seus anúncios online em 4 etapas simples — com pré-visualização imediata, estatísticas em tempo real e preços a partir de 1000 MZN: https://moz.life/publicidade-no-mozlife/</p></div>

    <div class="xs_social_share_widget xs_share_url after_content 		main_content  wslu-style-1 wslu-share-box-shaped wslu-fill-colored wslu-none wslu-share-horizontal wslu-theme-font-no wslu-main_content">

		
        <ul>
			        </ul>
    </div>

<p>Este novo trabalho discográfico marca um novo capítulo na sua carreira: ousado e intencional, inspirado na sua herança, no respeito pelos ancestrais e na constante exploração da sua identidade.</p>
