{"id":32689,"date":"2026-03-17T10:48:12","date_gmt":"2026-03-17T08:48:12","guid":{"rendered":"https:\/\/moz.life\/moztickets\/?post_type=event&#038;p=32689"},"modified":"2026-04-01T07:27:22","modified_gmt":"2026-04-01T05:27:22","slug":"musica-imani","status":"publish","type":"event","link":"https:\/\/moz.life\/moztickets\/event\/musica-imani\/","title":{"rendered":"M\u00fasica | IMANI"},"content":{"rendered":"<p data-start=\"118\" data-end=\"174\"><strong data-start=\"139\" data-end=\"172\">Espet\u00e1culo intimista de Imani<\/strong><\/p>\n<p data-start=\"176\" data-end=\"287\">\ud83d\uddd3\ufe0f <strong data-start=\"180\" data-end=\"208\">Quinta-feira, 9 de abril<\/strong><br data-start=\"208\" data-end=\"211\" \/>\u23f0 <strong data-start=\"213\" data-end=\"222\">18h00<\/strong><br data-start=\"222\" data-end=\"225\" \/>\ud83d\udccd <strong data-start=\"228\" data-end=\"261\">Funda\u00e7\u00e3o Fernando Leite Couto<\/strong><br data-start=\"261\" data-end=\"264\" \/>\ud83c\udf9f\ufe0f <strong data-start=\"268\" data-end=\"285\">Entrada livre<\/strong><\/p>\n<p data-start=\"289\" data-end=\"572\"><strong data-start=\"289\" data-end=\"298\">TRIAL<\/strong> marca o concerto inaugural de <strong data-start=\"329\" data-end=\"338\">Imani<\/strong>, pensado como um espa\u00e7o de <strong data-start=\"366\" data-end=\"427\">experimenta\u00e7\u00e3o, liberdade criativa e descoberta art\u00edstica<\/strong>. Num formato intimista, a artista convida o p\u00fablico a mergulhar no seu universo sonoro, onde a emo\u00e7\u00e3o, a voz e a presen\u00e7a ganham protagonismo.<\/p>\n<p data-start=\"574\" data-end=\"723\">Mais do que um concerto, trata-se de um <strong data-start=\"614\" data-end=\"650\">momento de partilha e explora\u00e7\u00e3o<\/strong>, onde cada nota revela novas dimens\u00f5es da identidade musical de Imani.<\/p>\n<p data-start=\"725\" data-end=\"816\">Para descobrir um pouco mais do universo da artista, aqui fica uma performance inspiradora:<\/p>\n<p data-start=\"820\" data-end=\"943\" data-is-last-node=\"\" data-is-only-node=\"\">Uma oportunidade \u00fanica para conhecer de perto uma voz em ascens\u00e3o e acompanhar o in\u00edcio de um percurso art\u00edstico promissor.<\/p>\n<p>&nbsp;<\/p>\n<p data-start=\"713\" data-end=\"821\"><a href=\"https:\/\/shorturl.at\/bfZD9\" target=\"_blank\" rel=\"noopener\"><img fetchpriority=\"high\" decoding=\"async\" class=\"aligncenter wp-image-24556 size-full\" src=\"https:\/\/www.moz.life\/moztickets\/wp-content\/uploads\/2025\/04\/Moztickets-whatsapp-group-PUBLICIDADE-1700x400-1-1.jpg\" alt=\"\" width=\"1700\" height=\"400\" srcset=\"https:\/\/moz.life\/moztickets\/wp-content\/uploads\/2025\/04\/Moztickets-whatsapp-group-PUBLICIDADE-1700x400-1-1.jpg 1700w, https:\/\/moz.life\/moztickets\/wp-content\/uploads\/2025\/04\/Moztickets-whatsapp-group-PUBLICIDADE-1700x400-1-1-300x71.jpg 300w, https:\/\/moz.life\/moztickets\/wp-content\/uploads\/2025\/04\/Moztickets-whatsapp-group-PUBLICIDADE-1700x400-1-1-1024x241.jpg 1024w, https:\/\/moz.life\/moztickets\/wp-content\/uploads\/2025\/04\/Moztickets-whatsapp-group-PUBLICIDADE-1700x400-1-1-768x181.jpg 768w, https:\/\/moz.life\/moztickets\/wp-content\/uploads\/2025\/04\/Moztickets-whatsapp-group-PUBLICIDADE-1700x400-1-1-1536x361.jpg 1536w, https:\/\/moz.life\/moztickets\/wp-content\/uploads\/2025\/04\/Moztickets-whatsapp-group-PUBLICIDADE-1700x400-1-1-450x106.jpg 450w\" sizes=\"(max-width: 1700px) 100vw, 1700px\" \/><\/a><\/p>\n\n    <div class=\"xs_social_share_widget xs_share_url after_content \t\tmain_content  wslu-style-1 wslu-share-box-shaped wslu-fill-colored wslu-none wslu-share-horizontal wslu-theme-font-no wslu-main_content\">\n\n\t\t\n        <ul>\n\t\t\t        <\/ul>\n    <\/div> \n","protected":false},"excerpt":{"rendered":"<p>TRIAL marca o concerto inaugural de Imani, pensado como um espa\u00e7o de experimenta\u00e7\u00e3o, liberdade criativa e descoberta art\u00edstica.<\/p>\n","protected":false},"author":13,"featured_media":32853,"comment_status":"open","ping_status":"closed","template":"","meta":{"footnotes":""},"eventcat":[672],"organizer":[138],"event_tags":[986,154,233,1010],"location":[1030],"class_list":["post-32689","event","type-event","status-publish","has-post-thumbnail","hentry","eventcat-concertos","organizer-fundacao-fernando-leite-couto","event_tags-coconuts","event_tags-concerto","event_tags-fundacao-fernando-leite-couto","event_tags-the-black-mamba","location-fundacao-fernando-leite-couto"],"jetpack_sharing_enabled":true,"_links":{"self":[{"href":"https:\/\/moz.life\/moztickets\/wp-json\/wp\/v2\/event\/32689","targetHints":{"allow":["GET"]}}],"collection":[{"href":"https:\/\/moz.life\/moztickets\/wp-json\/wp\/v2\/event"}],"about":[{"href":"https:\/\/moz.life\/moztickets\/wp-json\/wp\/v2\/types\/event"}],"author":[{"embeddable":true,"href":"https:\/\/moz.life\/moztickets\/wp-json\/wp\/v2\/users\/13"}],"replies":[{"embeddable":true,"href":"https:\/\/moz.life\/moztickets\/wp-json\/wp\/v2\/comments?post=32689"}],"version-history":[{"count":5,"href":"https:\/\/moz.life\/moztickets\/wp-json\/wp\/v2\/event\/32689\/revisions"}],"predecessor-version":[{"id":32854,"href":"https:\/\/moz.life\/moztickets\/wp-json\/wp\/v2\/event\/32689\/revisions\/32854"}],"wp:featuredmedia":[{"embeddable":true,"href":"https:\/\/moz.life\/moztickets\/wp-json\/wp\/v2\/media\/32853"}],"wp:attachment":[{"href":"https:\/\/moz.life\/moztickets\/wp-json\/wp\/v2\/media?parent=32689"}],"wp:term":[{"taxonomy":"eventcat","embeddable":true,"href":"https:\/\/moz.life\/moztickets\/wp-json\/wp\/v2\/eventcat?post=32689"},{"taxonomy":"organizer","embeddable":true,"href":"https:\/\/moz.life\/moztickets\/wp-json\/wp\/v2\/organizer?post=32689"},{"taxonomy":"event_tags","embeddable":true,"href":"https:\/\/moz.life\/moztickets\/wp-json\/wp\/v2\/event_tags?post=32689"},{"taxonomy":"location","embeddable":true,"href":"https:\/\/moz.life\/moztickets\/wp-json\/wp\/v2\/location?post=32689"}],"curies":[{"name":"wp","href":"https:\/\/api.w.org\/{rel}","templated":true}]}}

Música | IMANI

<p data-start="118" data-end="174"><strong data-start="139" data-end="172">Espetáculo intimista de Imani</strong></p>
<p data-start="176" data-end="287">🗓️ <strong data-start="180" data-end="208">Quinta-feira, 9 de abril</strong><br data-start="208" data-end="211" />⏰ <strong data-start="213" data-end="222">18h00</strong><br data-start="222" data-end="225" />📍 <strong data-start="228" data-end="261">Fundação Fernando Leite Couto</strong><br data-start="261" data-end="264" />🎟️ <strong data-start="268" data-end="285">Entrada livre</strong></p>
<p data-start="289" data-end="572"><strong data-start="289" data-end="298">TRIAL</strong> marca o concerto inaugural de <strong data-start="329" data-end="338">Imani</strong>, pensado como um espaço de <strong data-start="366" data-end="427">experimentação, liberdade criativa e descoberta artística</strong>. Num formato intimista, a artista convida o público a mergulhar no seu universo sonoro, onde a emoção, a voz e a presença ganham protagonismo.</p>
<p data-start="574" data-end="723">Mais do que um concerto, trata-se de um <strong data-start="614" data-end="650">momento de partilha e exploração</strong>, onde cada nota revela novas dimensões da identidade musical de Imani.</p>
<p data-start="725" data-end="816">Para descobrir um pouco mais do universo da artista, aqui fica uma performance inspiradora:</p>
<p data-start="820" data-end="943" data-is-last-node="" data-is-only-node="">Uma oportunidade única para conhecer de perto uma voz em ascensão e acompanhar o início de um percurso artístico promissor.</p>
<p>&nbsp;</p>
<p data-start="713" data-end="821"><a href="https://shorturl.at/bfZD9" target="_blank" rel="noopener"><img fetchpriority="high" decoding="async" class="aligncenter wp-image-24556 size-full" src="https://www.moz.life/moztickets/wp-content/uploads/2025/04/Moztickets-whatsapp-group-PUBLICIDADE-1700x400-1-1.jpg" alt="" width="1700" height="400" srcset="https://moz.life/moztickets/wp-content/uploads/2025/04/Moztickets-whatsapp-group-PUBLICIDADE-1700x400-1-1.jpg 1700w, https://moz.life/moztickets/wp-content/uploads/2025/04/Moztickets-whatsapp-group-PUBLICIDADE-1700x400-1-1-300x71.jpg 300w, https://moz.life/moztickets/wp-content/uploads/2025/04/Moztickets-whatsapp-group-PUBLICIDADE-1700x400-1-1-1024x241.jpg 1024w, https://moz.life/moztickets/wp-content/uploads/2025/04/Moztickets-whatsapp-group-PUBLICIDADE-1700x400-1-1-768x181.jpg 768w, https://moz.life/moztickets/wp-content/uploads/2025/04/Moztickets-whatsapp-group-PUBLICIDADE-1700x400-1-1-1536x361.jpg 1536w, https://moz.life/moztickets/wp-content/uploads/2025/04/Moztickets-whatsapp-group-PUBLICIDADE-1700x400-1-1-450x106.jpg 450w" sizes="(max-width: 1700px) 100vw, 1700px" /></a></p>

    <div class="xs_social_share_widget xs_share_url after_content 		main_content  wslu-style-1 wslu-share-box-shaped wslu-fill-colored wslu-none wslu-share-horizontal wslu-theme-font-no wslu-main_content">

		
        <ul>
			        </ul>
    </div>

<p>TRIAL marca o concerto inaugural de Imani, pensado como um espaço de experimentação, liberdade criativa e descoberta artística.</p>
