{"id":32662,"date":"2026-03-13T10:44:41","date_gmt":"2026-03-13T08:44:41","guid":{"rendered":"https:\/\/moz.life\/moztickets\/?post_type=event&#038;p=32662"},"modified":"2026-03-13T10:44:41","modified_gmt":"2026-03-13T08:44:41","slug":"volta-ao-mundo-da-danca-2","status":"publish","type":"event","link":"https:\/\/moz.life\/moztickets\/event\/volta-ao-mundo-da-danca-2\/","title":{"rendered":"VOLTA AO MUNDO DA DAN\u00c7A"},"content":{"rendered":"<p>Uma noite especial dedicada \u00e0 m\u00fasica e \u00e0 dan\u00e7a, numa verdadeira viagem pelos ritmos que unem culturas e pessoas.<\/p>\n<p>Da Kizomba, com a sua eleg\u00e2ncia e conex\u00e3o, \u00e0 energia da Salsa, passando pela paix\u00e3o da Bachata e pelos ritmos vibrantes dos Afros, cada momento ser\u00e1 um convite para dan\u00e7ar e celebrar.<\/p>\n<p>Com a anima\u00e7\u00e3o dos DJs HDias e JB, prepara-te para um momento de glamour, boa m\u00fasica e boas vibra\u00e7\u00f5es.<\/p>\n<p>\ud83d\udcc5 S\u00e1bado, 11 de Abril de 2026<br \/>\n\ud83d\udd56 19H00<br \/>\n\ud83d\udccd EL PATRON\u2013 Restaurant Lounge<\/p>\n<p>Bilhete<br \/>\nPr\u00e9-venda: 500 MT<br \/>\nPorta: 700 MT<\/p>\n<p>\ud83d\udcde Contactos<br \/>\n82 305 2577 | 84 930 5481<br \/>\nInsta\/FB: @anaartemovimento<\/p>\n<p>\u2728 \ud83e\udd70Junta-te a n\u00f3s para uma inesquec\u00edvel volta ao Mundo da Dan\u00e7a.\ud83d\udd7a\ud83c\udffb\ud83d\udc83<\/p>\n<p>Academia de Dan\u00e7a Ana Arte &amp; Movimento<br \/>\nOnde a dan\u00e7a transforma vidas<\/p>\n\n    <div class=\"xs_social_share_widget xs_share_url after_content \t\tmain_content  wslu-style-1 wslu-share-box-shaped wslu-fill-colored wslu-none wslu-share-horizontal wslu-theme-font-no wslu-main_content\">\n\n\t\t\n        <ul>\n\t\t\t        <\/ul>\n    <\/div> \n","protected":false},"excerpt":{"rendered":"<p>Uma noite especial dedicada \u00e0 m\u00fasica e \u00e0 dan\u00e7a, numa verdadeira viagem pelos ritmos que unem culturas e pessoas.<\/p>\n","protected":false},"author":13,"featured_media":32664,"comment_status":"closed","ping_status":"closed","template":"","meta":{"footnotes":""},"eventcat":[696],"organizer":[1036],"event_tags":[986,154,1010],"location":[],"class_list":["post-32662","event","type-event","status-publish","has-post-thumbnail","hentry","eventcat-danca","organizer-academia-de-danca-ana-arte-movimento","event_tags-coconuts","event_tags-concerto","event_tags-the-black-mamba"],"jetpack_sharing_enabled":true,"_links":{"self":[{"href":"https:\/\/moz.life\/moztickets\/wp-json\/wp\/v2\/event\/32662","targetHints":{"allow":["GET"]}}],"collection":[{"href":"https:\/\/moz.life\/moztickets\/wp-json\/wp\/v2\/event"}],"about":[{"href":"https:\/\/moz.life\/moztickets\/wp-json\/wp\/v2\/types\/event"}],"author":[{"embeddable":true,"href":"https:\/\/moz.life\/moztickets\/wp-json\/wp\/v2\/users\/13"}],"replies":[{"embeddable":true,"href":"https:\/\/moz.life\/moztickets\/wp-json\/wp\/v2\/comments?post=32662"}],"version-history":[{"count":1,"href":"https:\/\/moz.life\/moztickets\/wp-json\/wp\/v2\/event\/32662\/revisions"}],"predecessor-version":[{"id":32665,"href":"https:\/\/moz.life\/moztickets\/wp-json\/wp\/v2\/event\/32662\/revisions\/32665"}],"wp:featuredmedia":[{"embeddable":true,"href":"https:\/\/moz.life\/moztickets\/wp-json\/wp\/v2\/media\/32664"}],"wp:attachment":[{"href":"https:\/\/moz.life\/moztickets\/wp-json\/wp\/v2\/media?parent=32662"}],"wp:term":[{"taxonomy":"eventcat","embeddable":true,"href":"https:\/\/moz.life\/moztickets\/wp-json\/wp\/v2\/eventcat?post=32662"},{"taxonomy":"organizer","embeddable":true,"href":"https:\/\/moz.life\/moztickets\/wp-json\/wp\/v2\/organizer?post=32662"},{"taxonomy":"event_tags","embeddable":true,"href":"https:\/\/moz.life\/moztickets\/wp-json\/wp\/v2\/event_tags?post=32662"},{"taxonomy":"location","embeddable":true,"href":"https:\/\/moz.life\/moztickets\/wp-json\/wp\/v2\/location?post=32662"}],"curies":[{"name":"wp","href":"https:\/\/api.w.org\/{rel}","templated":true}]}}

VOLTA AO MUNDO DA DANÇA

<p>Uma noite especial dedicada à música e à dança, numa verdadeira viagem pelos ritmos que unem culturas e pessoas.</p>
<p>Da Kizomba, com a sua elegância e conexão, à energia da Salsa, passando pela paixão da Bachata e pelos ritmos vibrantes dos Afros, cada momento será um convite para dançar e celebrar.</p>
<p>Com a animação dos DJs HDias e JB, prepara-te para um momento de glamour, boa música e boas vibrações.</p>
<p>📅 Sábado, 11 de Abril de 2026<br />
🕖 19H00<br />
📍 EL PATRON– Restaurant Lounge</p>
<p>Bilhete<br />
Pré-venda: 500 MT<br />
Porta: 700 MT</p>
<p>📞 Contactos<br />
82 305 2577 | 84 930 5481<br />
Insta/FB: @anaartemovimento</p>
<p>✨ 🥰Junta-te a nós para uma inesquecível volta ao Mundo da Dança.🕺🏻💃</p>
<p>Academia de Dança Ana Arte &amp; Movimento<br />
Onde a dança transforma vidas</p>

    <div class="xs_social_share_widget xs_share_url after_content 		main_content  wslu-style-1 wslu-share-box-shaped wslu-fill-colored wslu-none wslu-share-horizontal wslu-theme-font-no wslu-main_content">

		
        <ul>
			        </ul>
    </div>

<p>Uma noite especial dedicada à música e à dança, numa verdadeira viagem pelos ritmos que unem culturas e pessoas.</p>
