{"id":2580,"date":"2018-03-23T06:31:35","date_gmt":"2018-03-23T06:31:35","guid":{"rendered":"http:\/\/192.168.1.99\/WordpressDevelop\/videoplus-config\/?page_id=2580"},"modified":"2018-03-23T06:31:35","modified_gmt":"2018-03-23T06:31:35","slug":"grid-special-2-columns","status":"publish","type":"page","link":"https:\/\/moz.life\/mozstudio\/grid-special-2-columns\/","title":{"rendered":"GRID SPECIAL &#8211; 2 COLUMNS"},"content":{"rendered":"\t\t<div data-elementor-type=\"wp-post\" data-elementor-id=\"2580\" class=\"elementor elementor-2580 elementor-bc-flex-widget\" data-elementor-post-type=\"page\">\n\t\t\t\t\t\t<section class=\"elementor-section elementor-top-section elementor-element elementor-element-92a134c elementor-section-boxed elementor-section-height-default elementor-section-height-default wpr-particle-no wpr-jarallax-no wpr-parallax-no wpr-sticky-section-no\" data-id=\"92a134c\" data-element_type=\"section\" data-e-type=\"section\">\n\t\t\t\t\t\t<div class=\"elementor-container elementor-column-gap-no\">\n\t\t\t\t\t<div class=\"elementor-column elementor-col-16 elementor-top-column elementor-element elementor-element-1f19cd9\" data-id=\"1f19cd9\" data-element_type=\"column\" data-e-type=\"column\">\n\t\t\t<div class=\"elementor-widget-wrap\">\n\t\t\t\t\t\t\t<\/div>\n\t\t<\/div>\n\t\t\t\t<div class=\"elementor-column elementor-col-66 elementor-top-column elementor-element elementor-element-435ed96\" data-id=\"435ed96\" data-element_type=\"column\" data-e-type=\"column\">\n\t\t\t<div class=\"elementor-widget-wrap elementor-element-populated\">\n\t\t\t\t\t\t<div class=\"elementor-element elementor-element-ce2981c elementor-widget elementor-widget-vidorev_block_addon\" data-id=\"ce2981c\" data-element_type=\"widget\" data-e-type=\"widget\" data-widget_type=\"vidorev_block_addon.default\">\n\t\t\t\t<div class=\"elementor-widget-container\">\n\t\t\t\t\t\t\t\t\t\t\t<div class=\"sc-blocks-container sc-blocks-container-control grid-sp-2-col fw-c-fix-cls\" data-id=\"vp_555\">\n\t\t\t\t\t\t\n\t\t\t\t\t\t\t\t\t\t\t\t\t\t\t<div class=\"filter-container filter-container-control\">\n\t\t\t\t\t\t\t\t\t<div class=\"filter-wrapper\">\n\t\t\t\t\t\t\t\t\t\t\t\t\t\t\t\t\t\t\t\t\t<div class=\"block-title block-title-control\"><h2 class=\"extra-bold h5\">GRID SPECIAL - 2 COLUMNS<\/h2><\/div>\n\t\t\t\t\t\t\t\t\t\t\t\t\t\t\t\t\t\t\t\t\n\t\t\t\t\t\t\t\t\t\t\t\t\t\t\t\t\t\t\t\t\t<div class=\"filter-items filter-items-control navigation-font nav-font-size-12\">\n\t\t\t\t\t\t\t\t\t\t\t\t<div class=\"filter-items-wrapper filter-items-wrapper-control\">\n\t\t\t\t\t\t\t\t\t\t\t\t\t<span class=\"filter-item filter-action-control active-item\" data-taxonomy=\"all\" data-id=\"0\">All<\/span><span class=\"filter-item filter-action-control\" data-taxonomy=\"category\" data-id=\"9\">TRAVEL<\/span><span class=\"filter-item filter-action-control\" data-taxonomy=\"category\" data-id=\"5\">MUSIC<\/span><span class=\"filter-item filter-action-control\" data-taxonomy=\"category\" data-id=\"4\">MOVIE<\/span><span class=\"filter-item filter-action-control\" data-taxonomy=\"category\" data-id=\"7\">SPORT<\/span><span class=\"filter-item filter-action-control\" data-taxonomy=\"category\" data-id=\"8\">TECHNOLOGY<\/span><span class=\"filter-item filter-action-control\" data-taxonomy=\"category\" data-id=\"2\">FASHION<\/span><span class=\"filter-item filter-action-control\" data-taxonomy=\"post_tag\" data-id=\"111\">fashion<\/span><span class=\"filter-item filter-action-control\" data-taxonomy=\"category\" data-id=\"3\">GAME<\/span>\t\t\t\t\t\t\t\t\t\t\t\t<\/div>\n\t\t\t\t\t\t\t\t\t\t\t<\/div>\n\t\t\t\t\t\t\t\t\t\t\t\t\t\t\t\t\t\t\t<\/div>\n\t\t\t\t\t\t\t\t<\/div>\n\t\t\t\t\t\t\t\n\t\t\t\t\t\t\t\t\t\t\t\t\t\t\n\t\t\t\t\t\t\t<div class=\"block-filter block-filter-control\">\n\t\t\t\t\t\t\t\t<div class=\"ajax-loading\">\n\t\t\t\t\t\t\t\t\t<div class=\"la-ball-triangle-path\">\n\t\t\t\t\t\t\t\t\t\t<div><\/div>\n\t\t\t\t\t\t\t\t\t\t<div><\/div>\n\t\t\t\t\t\t\t\t\t\t<div><\/div>\n\t\t\t\t\t\t\t\t\t<\/div>\n\t\t\t\t\t\t\t\t<\/div>\t\t\t\t\t\t\t\t\n\n\t\t\t\t\t\t\n\t\t\t\t\t\t\n\t\t\t\t\t\t\t\t<div class=\"blog-wrapper global-blog-wrapper blog-wrapper-control active-item current-paged\" data-item=\"0\" data-paged=\"1\" data-end=\"no\">\n\t\t\t\t\t\t\t\t\t<div class=\"blog-items blog-items-control site__row grid-special\">\n\t\t\t\t\t\t\t\t\t\t<article class=\"post-item site__col post-5159 post type-post status-publish format-video has-post-thumbnail hentry category-non-classe post_format-post-format-video\">\n\t<div class=\"post-item-wrap\">\n\t\n\t\t<div class=\"blog-pic\">\n\t\t\t\t\t\t\t\t<div class=\"blog-pic-wrap\"><a data-post-id=\"5159\" href=\"https:\/\/moz.life\/mozstudio\/as-maiores-pandemias-da-historia\/\" title=\"AS MAIORES PANDEMIAS DA HIST\u00d3RIA\" class=\"blog-img\"><img decoding=\"async\" class=\"blog-picture ul-normal-effect\" src=\"https:\/\/moz.life\/mozstudio\/wp-content\/uploads\/2020\/06\/COVID0019-360x203.jpg\" srcset=\"https:\/\/moz.life\/mozstudio\/wp-content\/uploads\/2020\/06\/COVID0019-360x203.jpg 360w, https:\/\/moz.life\/mozstudio\/wp-content\/uploads\/2020\/06\/COVID0019-236x133.jpg 236w\" sizes=\"(max-width: 360px) 100vw, 360px\" alt=\"COVID0019\"\/><span class=\"ul-placeholder-bg class-16x9\"><\/span><div class=\"preview-video preview-video-control\" data-iframepreview=\"https:\/\/moz.life\/mozstudio\/as-maiores-pandemias-da-historia\/?video_embed=5159&#038;preview_mode=1\"><\/div><\/a><span class=\"video-icon video-popup-control\" data-id=\"5159\"><\/span><span \n\t\t\t\t\t\t\t\t\t\t\t\tclass=\"watch-later-icon watch-later-control\" \n\t\t\t\t\t\t\t\t\t\t\t\tdata-id=\"5159\" \n\t\t\t\t\t\t\t\t\t\t\t\tdata-img-src=\"https:\/\/moz.life\/mozstudio\/wp-content\/uploads\/2020\/06\/COVID0019-150x150.jpg\" \n\t\t\t\t\t\t\t\t\t\t\t\tdata-hyperlink=\"https:\/\/moz.life\/mozstudio\/as-maiores-pandemias-da-historia\/\" \n\t\t\t\t\t\t\t\t\t\t\t\tdata-title=\"AS MAIORES PANDEMIAS DA HIST\u00d3RIA\"\n\t\t\t\t\t\t\t\t\t\t\t>\n\t\t\t\t\t\t\t\t\t\t\t\t<i class=\"fa fa-clock-o\" aria-hidden=\"true\"><\/i><span class=\"watch-text font-size-12\">Watch Later<\/span><span class=\"watch-remove-text font-size-12\">Added<\/span>\n\t\t\t\t\t\t\t\t\t\t\t<\/span><span class=\"duration-text font-size-12 meta-font\"><\/span>\t<\/div>\n\t\t\t\t\t\t\t<\/div>\t\t\n\t\t<div class=\"listing-content\">\n\t\t\t\n\t\t\t<div class=\"categories-elm meta-font\"><div class=\"categories-wrap\"><a data-cat-id=\"cat_1\" href=\"https:\/\/moz.life\/mozstudio\/category\/non-classe\/\" title=\"Non class\u00e9\" class=\"category-item m-font-size-10\">Non class\u00e9<\/a><\/div><\/div>\t\t\t\n\t\t\t<h3 class=\"entry-title h3 post-title\"> \n\t\t\t\t<a href=\"https:\/\/moz.life\/mozstudio\/as-maiores-pandemias-da-historia\/\" title=\"AS MAIORES PANDEMIAS DA HIST\u00d3RIA\">AS MAIORES PANDEMIAS DA HIST\u00d3RIA<\/a> \n\t\t\t<\/h3>\t\n\t\t\t\n\t\t\t<div class=\"entry-meta post-meta meta-font\"><div class=\"post-meta-wrap\"><div class=\"author vcard\"><i class=\"fa fa-user-circle\" aria-hidden=\"true\"><\/i><a href=\"https:\/\/moz.life\/mozstudio\/author\/mozstudio\/\">FeelcomTV<\/a><\/div><div class=\"date-time\"><i class=\"fa fa-calendar\" aria-hidden=\"true\"><\/i><span><time class=\"entry-date published\" datetime=\"2020-06-15T15:08:10+02:00\">15\/06\/2020<\/time> <span class=\"updated\"><\/span><time class=\"updated\" datetime=\"2020-06-15T15:11:05+02:00\">15\/06\/2020<\/time><\/span><\/div><\/div><\/div>\t\n\t\t\n\t\t\t<div class=\"entry-content post-excerpt\">As doen\u00e7as virais e suas formas de imuniza\u00e7\u00e3o s\u00e3o grandes desafios da ci\u00eancia mundial, dengue e AIDS s\u00e3o dois exemplos dentre outros...<\/div>\t\t\n\t\t\t<div class=\"entry-meta post-meta meta-font\"><div class=\"post-meta-wrap\"><div class=\"comment-count\"><i class=\"fa fa-comment\" aria-hidden=\"true\"><\/i><span>0<\/span><\/div><div class=\"view-count\"><i class=\"fa fa-eye\" aria-hidden=\"true\"><\/i><span>544.7B<\/span><\/div><div class=\"like-count\"><i class=\"fa fa-thumbs-up\" aria-hidden=\"true\"><\/i><span class=\"like-count\" data-id=\"5159\">34.6M<\/span><\/div><div class=\"dislike-count\"><i class=\"fa fa-thumbs-down\" aria-hidden=\"true\"><\/i><span class=\"dislike-count\" data-id=\"5159\">0<\/span><\/div><\/div><\/div>\t\t\n\t\t\n\t\t<\/div>\n\t\t\n\t<\/div>\n<\/article><article class=\"post-item site__col post-5146 post type-post status-publish format-video has-post-thumbnail hentry category-technology post_format-post-format-video\">\n\t<div class=\"post-item-wrap\">\n\t\n\t\t<div class=\"blog-pic\">\n\t\t\t\t\t\t\t\t<div class=\"blog-pic-wrap\"><a data-post-id=\"5146\" href=\"https:\/\/moz.life\/mozstudio\/conheca-o-bmw-m5-sedan-2020-o-v8-de-tracao-integral\/\" title=\"Conhe\u00e7a o BMW M5 Sedan 2020: o V8 de tra\u00e7\u00e3o integral\" class=\"blog-img\"><img decoding=\"async\" class=\"blog-picture ul-normal-effect\" src=\"https:\/\/moz.life\/mozstudio\/wp-content\/uploads\/2020\/06\/bmw-360x203.jpg\" srcset=\"https:\/\/moz.life\/mozstudio\/wp-content\/uploads\/2020\/06\/bmw-360x203.jpg 360w, https:\/\/moz.life\/mozstudio\/wp-content\/uploads\/2020\/06\/bmw-236x133.jpg 236w, https:\/\/moz.life\/mozstudio\/wp-content\/uploads\/2020\/06\/bmw-750x422.jpg 750w, https:\/\/moz.life\/mozstudio\/wp-content\/uploads\/2020\/06\/bmw-1500x844.jpg 1500w\" sizes=\"(max-width: 360px) 100vw, 360px\" alt=\"bmw\"\/><span class=\"ul-placeholder-bg class-16x9\"><\/span><div class=\"preview-video preview-video-control\" data-iframepreview=\"https:\/\/moz.life\/mozstudio\/conheca-o-bmw-m5-sedan-2020-o-v8-de-tracao-integral\/?video_embed=5146&#038;preview_mode=1\"><\/div><\/a><span class=\"video-icon video-popup-control\" data-id=\"5146\"><\/span><span \n\t\t\t\t\t\t\t\t\t\t\t\tclass=\"watch-later-icon watch-later-control\" \n\t\t\t\t\t\t\t\t\t\t\t\tdata-id=\"5146\" \n\t\t\t\t\t\t\t\t\t\t\t\tdata-img-src=\"https:\/\/moz.life\/mozstudio\/wp-content\/uploads\/2020\/06\/bmw-150x150.jpg\" \n\t\t\t\t\t\t\t\t\t\t\t\tdata-hyperlink=\"https:\/\/moz.life\/mozstudio\/conheca-o-bmw-m5-sedan-2020-o-v8-de-tracao-integral\/\" \n\t\t\t\t\t\t\t\t\t\t\t\tdata-title=\"Conhe\u00e7a o BMW M5 Sedan 2020: o V8 de tra\u00e7\u00e3o integral\"\n\t\t\t\t\t\t\t\t\t\t\t>\n\t\t\t\t\t\t\t\t\t\t\t\t<i class=\"fa fa-clock-o\" aria-hidden=\"true\"><\/i><span class=\"watch-text font-size-12\">Watch Later<\/span><span class=\"watch-remove-text font-size-12\">Added<\/span>\n\t\t\t\t\t\t\t\t\t\t\t<\/span><span class=\"duration-text font-size-12 meta-font\"><\/span>\t<\/div>\n\t\t\t\t\t\t\t<\/div>\t\t\n\t\t<div class=\"listing-content\">\n\t\t\t\n\t\t\t<div class=\"categories-elm meta-font\"><div class=\"categories-wrap\"><a data-cat-id=\"cat_8\" href=\"https:\/\/moz.life\/mozstudio\/category\/technology\/\" title=\"TECHNOLOGY\" class=\"category-item m-font-size-10\">TECHNOLOGY<\/a><\/div><\/div>\t\t\t\n\t\t\t<h3 class=\"entry-title h3 post-title\"> \n\t\t\t\t<a href=\"https:\/\/moz.life\/mozstudio\/conheca-o-bmw-m5-sedan-2020-o-v8-de-tracao-integral\/\" title=\"Conhe\u00e7a o BMW M5 Sedan 2020: o V8 de tra\u00e7\u00e3o integral\">Conhe\u00e7a o BMW M5 Sedan 2020: o V8 de tra\u00e7\u00e3o integral<\/a> \n\t\t\t<\/h3>\t\n\t\t\t\n\t\t\t<div class=\"entry-meta post-meta meta-font\"><div class=\"post-meta-wrap\"><div class=\"author vcard\"><i class=\"fa fa-user-circle\" aria-hidden=\"true\"><\/i><a href=\"https:\/\/moz.life\/mozstudio\/author\/mozstudio\/\">FeelcomTV<\/a><\/div><div class=\"date-time\"><i class=\"fa fa-calendar\" aria-hidden=\"true\"><\/i><span><time class=\"entry-date published\" datetime=\"2020-06-10T15:23:20+02:00\">10\/06\/2020<\/time> <span class=\"updated\"><\/span><time class=\"updated\" datetime=\"2020-06-10T15:23:21+02:00\">10\/06\/2020<\/time><\/span><\/div><\/div><\/div>\t\n\t\t\n\t\t\t<div class=\"entry-content post-excerpt\">A nova gera\u00e7\u00e3o do esportivo BMW M5 apresentada oficialmente ao p\u00fablico. Mas a marca alem\u00e3 divulgou os detalhes de seu sedan esportiv...<\/div>\t\t\n\t\t\t<div class=\"entry-meta post-meta meta-font\"><div class=\"post-meta-wrap\"><div class=\"comment-count\"><i class=\"fa fa-comment\" aria-hidden=\"true\"><\/i><span>0<\/span><\/div><div class=\"view-count\"><i class=\"fa fa-eye\" aria-hidden=\"true\"><\/i><span>69.9B<\/span><\/div><div class=\"like-count\"><i class=\"fa fa-thumbs-up\" aria-hidden=\"true\"><\/i><span class=\"like-count\" data-id=\"5146\">5.5M<\/span><\/div><div class=\"dislike-count\"><i class=\"fa fa-thumbs-down\" aria-hidden=\"true\"><\/i><span class=\"dislike-count\" data-id=\"5146\">0<\/span><\/div><\/div><\/div>\t\t\n\t\t\n\t\t<\/div>\n\t\t\n\t<\/div>\n<\/article><article class=\"post-item site__col post-5129 post type-post status-publish format-video has-post-thumbnail hentry category-saude-e-bem-estar post_format-post-format-video\">\n\t<div class=\"post-item-wrap\">\n\t\n\t\t<div class=\"blog-pic\">\n\t\t\t\t\t\t\t\t<div class=\"blog-pic-wrap\"><a data-post-id=\"5129\" href=\"https:\/\/moz.life\/mozstudio\/a-melhor-dieta-detox\/\" title=\"A MELHOR DIETA DETOX\" class=\"blog-img\"><img decoding=\"async\" class=\"blog-picture ul-normal-effect\" src=\"https:\/\/moz.life\/mozstudio\/wp-content\/uploads\/2020\/06\/DETOX011-360x203.jpg\" srcset=\"https:\/\/moz.life\/mozstudio\/wp-content\/uploads\/2020\/06\/DETOX011-360x203.jpg 360w, https:\/\/moz.life\/mozstudio\/wp-content\/uploads\/2020\/06\/DETOX011-416x234.jpg 416w, https:\/\/moz.life\/mozstudio\/wp-content\/uploads\/2020\/06\/DETOX011-300x169.jpg 300w, https:\/\/moz.life\/mozstudio\/wp-content\/uploads\/2020\/06\/DETOX011-1024x576.jpg 1024w, https:\/\/moz.life\/mozstudio\/wp-content\/uploads\/2020\/06\/DETOX011-768x432.jpg 768w, https:\/\/moz.life\/mozstudio\/wp-content\/uploads\/2020\/06\/DETOX011-236x133.jpg 236w, https:\/\/moz.life\/mozstudio\/wp-content\/uploads\/2020\/06\/DETOX011-750x422.jpg 750w, https:\/\/moz.life\/mozstudio\/wp-content\/uploads\/2020\/06\/DETOX011.jpg 1280w\" sizes=\"(max-width: 360px) 100vw, 360px\" alt=\"DETOX011\"\/><span class=\"ul-placeholder-bg class-16x9\"><\/span><div class=\"preview-video preview-video-control\" data-iframepreview=\"https:\/\/moz.life\/mozstudio\/a-melhor-dieta-detox\/?video_embed=5129&#038;preview_mode=1\"><\/div><\/a><span class=\"video-icon video-popup-control\" data-id=\"5129\"><\/span><span \n\t\t\t\t\t\t\t\t\t\t\t\tclass=\"watch-later-icon watch-later-control\" \n\t\t\t\t\t\t\t\t\t\t\t\tdata-id=\"5129\" \n\t\t\t\t\t\t\t\t\t\t\t\tdata-img-src=\"https:\/\/moz.life\/mozstudio\/wp-content\/uploads\/2020\/06\/DETOX011-150x150.jpg\" \n\t\t\t\t\t\t\t\t\t\t\t\tdata-hyperlink=\"https:\/\/moz.life\/mozstudio\/a-melhor-dieta-detox\/\" \n\t\t\t\t\t\t\t\t\t\t\t\tdata-title=\"A MELHOR DIETA DETOX\"\n\t\t\t\t\t\t\t\t\t\t\t>\n\t\t\t\t\t\t\t\t\t\t\t\t<i class=\"fa fa-clock-o\" aria-hidden=\"true\"><\/i><span class=\"watch-text font-size-12\">Watch Later<\/span><span class=\"watch-remove-text font-size-12\">Added<\/span>\n\t\t\t\t\t\t\t\t\t\t\t<\/span><span class=\"duration-text font-size-12 meta-font\"><\/span>\t<\/div>\n\t\t\t\t\t\t\t<\/div>\t\t\n\t\t<div class=\"listing-content\">\n\t\t\t\n\t\t\t<div class=\"categories-elm meta-font\"><div class=\"categories-wrap\"><a data-cat-id=\"cat_185\" href=\"https:\/\/moz.life\/mozstudio\/category\/saude-e-bem-estar\/\" title=\"Saude e bem estar\" class=\"category-item m-font-size-10\">Saude e bem estar<\/a><\/div><\/div>\t\t\t\n\t\t\t<h3 class=\"entry-title h3 post-title\"> \n\t\t\t\t<a href=\"https:\/\/moz.life\/mozstudio\/a-melhor-dieta-detox\/\" title=\"A MELHOR DIETA DETOX\">A MELHOR DIETA DETOX<\/a> \n\t\t\t<\/h3>\t\n\t\t\t\n\t\t\t<div class=\"entry-meta post-meta meta-font\"><div class=\"post-meta-wrap\"><div class=\"author vcard\"><i class=\"fa fa-user-circle\" aria-hidden=\"true\"><\/i><a href=\"https:\/\/moz.life\/mozstudio\/author\/mozstudio\/\">FeelcomTV<\/a><\/div><div class=\"date-time\"><i class=\"fa fa-calendar\" aria-hidden=\"true\"><\/i><span><time class=\"entry-date published\" datetime=\"2020-06-04T18:44:42+02:00\">04\/06\/2020<\/time> <span class=\"updated\"><\/span><time class=\"updated\" datetime=\"2020-06-04T18:44:43+02:00\">04\/06\/2020<\/time><\/span><\/div><\/div><\/div>\t\n\t\t\n\t\t\t<div class=\"entry-content post-excerpt\">O principal foco da dieta detox \u00e9 aumentar o consumo de alimentos org\u00e2nicos e pobres em gordura, e evitar os produtos industrializad...<\/div>\t\t\n\t\t\t<div class=\"entry-meta post-meta meta-font\"><div class=\"post-meta-wrap\"><div class=\"comment-count\"><i class=\"fa fa-comment\" aria-hidden=\"true\"><\/i><span>0<\/span><\/div><div class=\"view-count\"><i class=\"fa fa-eye\" aria-hidden=\"true\"><\/i><span>15.6B<\/span><\/div><div class=\"like-count\"><i class=\"fa fa-thumbs-up\" aria-hidden=\"true\"><\/i><span class=\"like-count\" data-id=\"5129\">42.5M<\/span><\/div><div class=\"dislike-count\"><i class=\"fa fa-thumbs-down\" aria-hidden=\"true\"><\/i><span class=\"dislike-count\" data-id=\"5129\">1<\/span><\/div><\/div><\/div>\t\t\n\t\t\n\t\t<\/div>\n\t\t\n\t<\/div>\n<\/article><article class=\"post-item site__col post-5152 post type-post status-publish format-video has-post-thumbnail hentry category-sport post_format-post-format-video\">\n\t<div class=\"post-item-wrap\">\n\t\n\t\t<div class=\"blog-pic\">\n\t\t\t\t\t\t\t\t<div class=\"blog-pic-wrap\"><a data-post-id=\"5152\" href=\"https:\/\/moz.life\/mozstudio\/jogadas-magicas-de-cristiano-ronaldo\/\" title=\"JOGADAS M\u00c1GICAS DE CRISTIANO RONALDO\" class=\"blog-img\"><img decoding=\"async\" class=\"blog-picture ul-normal-effect\" src=\"https:\/\/moz.life\/mozstudio\/wp-content\/uploads\/2020\/06\/cristiano-360x203.jpg\" srcset=\"https:\/\/moz.life\/mozstudio\/wp-content\/uploads\/2020\/06\/cristiano-360x203.jpg 360w, https:\/\/moz.life\/mozstudio\/wp-content\/uploads\/2020\/06\/cristiano-416x234.jpg 416w, https:\/\/moz.life\/mozstudio\/wp-content\/uploads\/2020\/06\/cristiano-300x169.jpg 300w, https:\/\/moz.life\/mozstudio\/wp-content\/uploads\/2020\/06\/cristiano-1024x576.jpg 1024w, https:\/\/moz.life\/mozstudio\/wp-content\/uploads\/2020\/06\/cristiano-768x432.jpg 768w, https:\/\/moz.life\/mozstudio\/wp-content\/uploads\/2020\/06\/cristiano-236x133.jpg 236w, https:\/\/moz.life\/mozstudio\/wp-content\/uploads\/2020\/06\/cristiano-750x422.jpg 750w, https:\/\/moz.life\/mozstudio\/wp-content\/uploads\/2020\/06\/cristiano.jpg 1280w\" sizes=\"(max-width: 360px) 100vw, 360px\" alt=\"cristiano\"\/><span class=\"ul-placeholder-bg class-16x9\"><\/span><div class=\"preview-video preview-video-control\" data-iframepreview=\"https:\/\/moz.life\/mozstudio\/jogadas-magicas-de-cristiano-ronaldo\/?video_embed=5152&#038;preview_mode=1\"><\/div><\/a><span class=\"video-icon video-popup-control\" data-id=\"5152\"><\/span><span \n\t\t\t\t\t\t\t\t\t\t\t\tclass=\"watch-later-icon watch-later-control\" \n\t\t\t\t\t\t\t\t\t\t\t\tdata-id=\"5152\" \n\t\t\t\t\t\t\t\t\t\t\t\tdata-img-src=\"https:\/\/moz.life\/mozstudio\/wp-content\/uploads\/2020\/06\/cristiano-150x150.jpg\" \n\t\t\t\t\t\t\t\t\t\t\t\tdata-hyperlink=\"https:\/\/moz.life\/mozstudio\/jogadas-magicas-de-cristiano-ronaldo\/\" \n\t\t\t\t\t\t\t\t\t\t\t\tdata-title=\"JOGADAS M\u00c1GICAS DE CRISTIANO RONALDO\"\n\t\t\t\t\t\t\t\t\t\t\t>\n\t\t\t\t\t\t\t\t\t\t\t\t<i class=\"fa fa-clock-o\" aria-hidden=\"true\"><\/i><span class=\"watch-text font-size-12\">Watch Later<\/span><span class=\"watch-remove-text font-size-12\">Added<\/span>\n\t\t\t\t\t\t\t\t\t\t\t<\/span><span class=\"duration-text font-size-12 meta-font\"><\/span>\t<\/div>\n\t\t\t\t\t\t\t<\/div>\t\t\n\t\t<div class=\"listing-content\">\n\t\t\t\n\t\t\t<div class=\"categories-elm meta-font\"><div class=\"categories-wrap\"><a data-cat-id=\"cat_7\" href=\"https:\/\/moz.life\/mozstudio\/category\/sport\/\" title=\"SPORT\" class=\"category-item m-font-size-10\">SPORT<\/a><\/div><\/div>\t\t\t\n\t\t\t<h3 class=\"entry-title h3 post-title\"> \n\t\t\t\t<a href=\"https:\/\/moz.life\/mozstudio\/jogadas-magicas-de-cristiano-ronaldo\/\" title=\"JOGADAS M\u00c1GICAS DE CRISTIANO RONALDO\">JOGADAS M\u00c1GICAS DE CRISTIANO RONALDO<\/a> \n\t\t\t<\/h3>\t\n\t\t\t\n\t\t\t<div class=\"entry-meta post-meta meta-font\"><div class=\"post-meta-wrap\"><div class=\"author vcard\"><i class=\"fa fa-user-circle\" aria-hidden=\"true\"><\/i><a href=\"https:\/\/moz.life\/mozstudio\/author\/mozstudio\/\">FeelcomTV<\/a><\/div><div class=\"date-time\"><i class=\"fa fa-calendar\" aria-hidden=\"true\"><\/i><span><time class=\"entry-date published updated\" datetime=\"2020-06-10T16:37:55+02:00\">10\/06\/2020<\/time><\/span><\/div><\/div><\/div>\t\n\t\t\n\t\t\t<div class=\"entry-content post-excerpt\">Cristiano Ronaldo gols\nDribles\nPasses \nJogadas m\u00e1gicas \n#CristianoRonaldo<\/div>\t\t\n\t\t\t<div class=\"entry-meta post-meta meta-font\"><div class=\"post-meta-wrap\"><div class=\"comment-count\"><i class=\"fa fa-comment\" aria-hidden=\"true\"><\/i><span>0<\/span><\/div><div class=\"view-count\"><i class=\"fa fa-eye\" aria-hidden=\"true\"><\/i><span>7.8B<\/span><\/div><div class=\"like-count\"><i class=\"fa fa-thumbs-up\" aria-hidden=\"true\"><\/i><span class=\"like-count\" data-id=\"5152\">74.7M<\/span><\/div><div class=\"dislike-count\"><i class=\"fa fa-thumbs-down\" aria-hidden=\"true\"><\/i><span class=\"dislike-count\" data-id=\"5152\">1<\/span><\/div><\/div><\/div>\t\t\n\t\t\n\t\t<\/div>\n\t\t\n\t<\/div>\n<\/article>\t\n\t\t\t\t\t\t\t\t\t<\/div>\t\n\t\t\t\t\t\t\t\t<\/div>\n\t\t\t\t\t\t\t\n\t\t\t\t\t\t\n\t\t\t\t\t\t\t<\/div>\t\n\t\t\t\t\t\t\t<div class=\"bl-page-prev-next bl-page-prev-next-control active-item\">\n\t\t\t\t\t\t\t\t<span class=\"next-prev-action disabled-query\" data-action=\"prev\"><i class=\"fa fa-angle-left\" aria-hidden=\"true\"><\/i><\/span>\n\t\t\t\t\t\t\t\t<span class=\"next-prev-action\" data-action=\"next\"><i class=\"fa fa-angle-right\" aria-hidden=\"true\"><\/i><\/span>\n\t\t\t\t\t\t\t<\/div>\t\t\t\t\t\n\t\t\t\t\t\t<\/div>\n\t\t\t\t\t\t\t\t\t<script>if(typeof(vidorev_builder_control)!==\"undefined\" && vidorev_builder_control!==null){vidorev_builder_control.filter_tab_responsive();}<\/script>\t\t\t\t<\/div>\n\t\t\t\t<\/div>\n\t\t\t\t\t<\/div>\n\t\t<\/div>\n\t\t\t\t<div class=\"elementor-column elementor-col-16 elementor-top-column elementor-element elementor-element-78e1886\" data-id=\"78e1886\" data-element_type=\"column\" data-e-type=\"column\">\n\t\t\t<div class=\"elementor-widget-wrap\">\n\t\t\t\t\t\t\t<\/div>\n\t\t<\/div>\n\t\t\t\t\t<\/div>\n\t\t<\/section>\n\t\t\t\t<\/div>\n\t\t","protected":false},"excerpt":{"rendered":"<p>GRID SPECIAL &#8211; 2 COLUMNS AllTRAVELMUSICMOVIESPORTTECHNOLOGYFASHIONGAME Watch LaterAdded 01:47 SPORT Sir Bobby and Lady Norma Charlton launch latest partner school in Oldham NICOLASNovember 20, 2017April 17, 2018 Nunc porta vulputate ante ac hendrerit. Praesent consectetur vitae eros et scelerisque. Phasellus sit amet viverra nunc. Etiam posue&#8230; 0120.5M860 Watch LaterAdded 01:44 GAME Unravel: Official Story Trailer NICOLASNovember 12, 2017April 17, 2018 Etiam facilisis placerat maximus. Suspendisse molestie tellus nisi, quis lobortis sem pretium eu. Mauris ut suscipit leo viverra fus&#8230; 0100.9M5.6K248 Watch LaterAdded 01:03:01 MUSIC Best Music Mix 2017 Twerk Dance NICOLASJanuary 12, 2018April 17, 2018 Ut nec nisl placerat, pharetra eros eget, tempor arcu. Ut tincidunt egestas urna, sed interdum nisi cursus vitae. Integer aliquet am&#8230; 078.4M42.9K3.5K Watch LaterAdded 02:16 MOVIE Rogue One Trailer NICOLASOctober 6, 2017April 26, 2018 Suspendisse a eros molestie, congue ipsum at, eleifend nulla. Fusce a lacus vitae ex consequat mollis dignissim a quam. Curabitur am&#8230; 037.1M296.6K11.9K<\/p>\n","protected":false},"author":1,"featured_media":0,"parent":0,"menu_order":0,"comment_status":"closed","ping_status":"closed","template":"page-templates\/front-page-template.php","meta":{"footnotes":""},"class_list":["post-2580","page","type-page","status-publish","hentry"],"cmb2":{"page_slider_settings":{"display_slider_group":"","page_slider_group":""},"blog_page_settings":{"blog_page_title":"","blog_page_heading":"","blog_page_advance_search":"","blog_page_ic":"","blog_page_it":"","blog_page_ec":"","blog_page_ip":"","blog_page_advance_search_id":"","archive_loop_style":"grid-default","blog_image_ratio":"","blog_show_categories":"on","blog_show_excerpt":"on","blog_show_author":"on","blog_show_date":"on","blog_show_comment_count":"on","blog_show_view_count":"on","blog_show_like_count":"on","blog_show_dislike_count":"on","blog_items_per_page":"10","blog_pag_type":"wp-default"},"page_options":{"get_page_template":"","color_mode":"","main_layout":"","main_layout_full_with":"","main_logo":"","main_logo_id":"","main_logo_retina":"","main_logo_retina_id":"","main_logo_mobile":"","main_logo_mobile_id":"","main_logo_mobile_retina":"","main_logo_mobile_retina_id":"","sticky_logo":"","sticky_logo_id":"","sticky_logo_retina":"","sticky_logo_retina_id":"","main_nav_layout":"","ajax_search":"","header_background":"","theme_sidebar":"hidden","instagram_feed":"","instagram_feed_position":"header","popular_videos":"off","popular_videos_title_1":"","popular_videos_title_2":"","popular_videos_ic":"","popular_videos_it":"","theme_background":"","page_custom_css":""}},"_links":{"self":[{"href":"https:\/\/moz.life\/mozstudio\/wp-json\/wp\/v2\/pages\/2580","targetHints":{"allow":["GET"]}}],"collection":[{"href":"https:\/\/moz.life\/mozstudio\/wp-json\/wp\/v2\/pages"}],"about":[{"href":"https:\/\/moz.life\/mozstudio\/wp-json\/wp\/v2\/types\/page"}],"author":[{"embeddable":true,"href":"https:\/\/moz.life\/mozstudio\/wp-json\/wp\/v2\/users\/1"}],"replies":[{"embeddable":true,"href":"https:\/\/moz.life\/mozstudio\/wp-json\/wp\/v2\/comments?post=2580"}],"version-history":[{"count":0,"href":"https:\/\/moz.life\/mozstudio\/wp-json\/wp\/v2\/pages\/2580\/revisions"}],"wp:attachment":[{"href":"https:\/\/moz.life\/mozstudio\/wp-json\/wp\/v2\/media?parent=2580"}],"curies":[{"name":"wp","href":"https:\/\/api.w.org\/{rel}","templated":true}]}}